CRAN Package Check Results for Package SDALGCP

Last updated on 2019-12-14 03:49:11 CET.

Flavor Version Tinstall Tcheck Ttotal Status Flags
r-devel-linux-x86_64-debian-clang 0.2.0 27.30 204.40 231.70 OK
r-devel-linux-x86_64-debian-gcc 0.2.0 25.30 158.79 184.09 OK
r-devel-linux-x86_64-fedora-clang 0.2.0 298.85 NOTE
r-devel-linux-x86_64-fedora-gcc 0.2.0 308.70 NOTE
r-devel-windows-ix86+x86_64 0.2.0 51.00 237.00 288.00 OK
r-devel-windows-ix86+x86_64-gcc8 0.2.0 80.00 322.00 402.00 OK
r-patched-linux-x86_64 0.2.0 26.88 181.77 208.65 OK
r-patched-solaris-x86 0.2.0 409.80 NOTE
r-release-linux-x86_64 0.2.0 27.98 183.18 211.16 OK
r-release-windows-ix86+x86_64 0.2.0 49.00 188.00 237.00 OK
r-release-osx-x86_64 0.2.0 NOTE
r-oldrel-windows-ix86+x86_64 0.2.0 30.00 183.00 213.00 OK
r-oldrel-osx-x86_64 0.2.0 NOTE

Check Details

Version: 0.2.0
Check: dependencies in R code
Result: NOTE
    Namespace in Imports field not imported from: ‘plyr’
     All declared Imports should be used.
Flavors: r-devel-linux-x86_64-fedora-clang, r-devel-linux-x86_64-fedora-gcc, r-patched-solaris-x86, r-release-osx-x86_64, r-oldrel-osx-x86_64