CRAN Package Check Results for Package SDALGCP

Last updated on 2022-01-23 05:01:33 CET.

Flavor Version Tinstall Tcheck Ttotal Status Flags
r-devel-linux-x86_64-debian-clang 0.4.0 48.37 404.76 453.13 OK
r-devel-linux-x86_64-debian-gcc 0.4.0 41.52 323.25 364.77 OK
r-devel-linux-x86_64-fedora-clang 0.4.0 624.27 NOTE
r-devel-linux-x86_64-fedora-gcc 0.4.0 648.28 NOTE
r-devel-windows-x86_64-new-UL 0.4.0 1491.00 432.00 1923.00 OK
r-devel-windows-x86_64-new-TK 0.4.0 ERROR
r-patched-linux-x86_64 0.4.0 45.46 387.89 433.35 OK
r-release-linux-x86_64 0.4.0 33.82 390.15 423.97 OK
r-release-macos-arm64 0.4.0 NOTE
r-release-macos-x86_64 0.4.0 NOTE
r-release-windows-ix86+x86_64 0.4.0 151.00 448.00 599.00 OK
r-oldrel-macos-x86_64 0.4.0 NOTE
r-oldrel-windows-ix86+x86_64 0.4.0 109.00 470.00 579.00 OK

Check Details

Version: 0.4.0
Check: dependencies in R code
Result: NOTE
    Namespace in Imports field not imported from: ‘spatstat’
     All declared Imports should be used.
Flavors: r-devel-linux-x86_64-fedora-clang, r-devel-linux-x86_64-fedora-gcc, r-release-macos-arm64, r-release-macos-x86_64, r-oldrel-macos-x86_64

Version: 0.4.0
Check: package dependencies
Result: ERROR
    Package required but not available: 'PrevMap'
    
    See section 'The DESCRIPTION file' in the 'Writing R Extensions'
    manual.
Flavor: r-devel-windows-x86_64-new-TK