CRAN Package Check Results for Package SCpubr

Last updated on 2023-06-09 10:59:23 CEST.

Flavor Version Tinstall Tcheck Ttotal Status Flags
r-devel-linux-x86_64-debian-clang 1.1.2 9.95 287.66 297.61 OK
r-devel-linux-x86_64-debian-gcc 1.1.2 9.81 220.24 230.05 OK
r-devel-linux-x86_64-fedora-clang 1.1.2 392.84 NOTE
r-devel-linux-x86_64-fedora-gcc 1.1.2 384.86 NOTE
r-devel-windows-x86_64 1.1.2 16.00 242.00 258.00 OK
r-patched-linux-x86_64 1.1.2 11.87 276.95 288.82 OK
r-release-linux-x86_64 1.1.2 12.12 273.14 285.26 OK
r-release-macos-arm64 1.1.2 69.00 NOTE
r-release-macos-x86_64 1.1.2 195.00 NOTE
r-release-windows-x86_64 1.1.2 11.00 317.00 328.00 OK
r-oldrel-macos-arm64 1.1.2 120.00 ERROR
r-oldrel-macos-x86_64 1.1.2 145.00 ERROR
r-oldrel-windows-x86_64 1.1.2 14.00 304.00 318.00 OK

Check Details

Version: 1.1.2
Check: package dependencies
Result: NOTE
    Package suggested but not available for checking: ‘AUCell’
Flavors: r-devel-linux-x86_64-fedora-clang, r-devel-linux-x86_64-fedora-gcc

Version: 1.1.2
Check: Rd cross-references
Result: NOTE
    Undeclared package ‘SeuratObject’ in Rd xrefs
Flavor: r-devel-linux-x86_64-fedora-clang

Version: 1.1.2
Check: package dependencies
Result: NOTE
    Packages suggested but not available for checking:
     'Nebulosa', 'infercnv', 'AUCell', 'clusterProfiler', 'enrichplot'
Flavor: r-release-macos-arm64

Version: 1.1.2
Check: Rd cross-references
Result: NOTE
    Package unavailable to check Rd xrefs: ‘infercnv’
Flavors: r-release-macos-arm64, r-release-macos-x86_64, r-oldrel-macos-arm64, r-oldrel-macos-x86_64

Version: 1.1.2
Check: package dependencies
Result: NOTE
    Packages suggested but not available for checking:
     'Nebulosa', 'infercnv', 'AUCell'
Flavors: r-release-macos-x86_64, r-oldrel-macos-arm64, r-oldrel-macos-x86_64

Version: 1.1.2
Check: tests
Result: ERROR
     Running ‘testthat.R’ [53s/61s]
    Running the tests in ‘tests/testthat.R’ failed.
    Last 13 lines of output:
     • On CRAN (417)
    
     ══ Failed tests ════════════════════════════════════════════════════════════════
     ── Error ('test-do_FunctionalAnnotationPlot.R:5:5'): do_FunctionalAnnotationPlot: CRAN essential tests ──
     Error in ``[.data.frame`(p.build$data[[7]], c("label", "node"))`: undefined columns selected
     Backtrace:
     ▆
     1. └─SCpubr::do_FunctionalAnnotationPlot(...) at test-do_FunctionalAnnotationPlot.R:5:4
     2. └─SCpubr:::do_EnrichedTermTreePlot(...)
     3. ├─p.build$data[[7]][c("label", "node")]
     4. └─base::`[.data.frame`(p.build$data[[7]], c("label", "node"))
    
     [ FAIL 1 | WARN 0 | SKIP 417 | PASS 87 ]
     Error: Test failures
     Execution halted
Flavor: r-oldrel-macos-arm64

Version: 1.1.2
Check: tests
Result: ERROR
     Running ‘testthat.R’ [77s/78s]
    Running the tests in ‘tests/testthat.R’ failed.
    Last 13 lines of output:
     • On CRAN (417)
    
     ══ Failed tests ════════════════════════════════════════════════════════════════
     ── Error ('test-do_FunctionalAnnotationPlot.R:5:5'): do_FunctionalAnnotationPlot: CRAN essential tests ──
     Error in ``[.data.frame`(p.build$data[[7]], c("label", "node"))`: undefined columns selected
     Backtrace:
     ▆
     1. └─SCpubr::do_FunctionalAnnotationPlot(...) at test-do_FunctionalAnnotationPlot.R:5:4
     2. └─SCpubr:::do_EnrichedTermTreePlot(...)
     3. ├─p.build$data[[7]][c("label", "node")]
     4. └─base::`[.data.frame`(p.build$data[[7]], c("label", "node"))
    
     [ FAIL 1 | WARN 0 | SKIP 417 | PASS 87 ]
     Error: Test failures
     Execution halted
Flavor: r-oldrel-macos-x86_64