CRAN Package Check Results for Package SCdeconR

Last updated on 2024-06-14 01:51:36 CEST.

Flavor Version Tinstall Tcheck Ttotal Status Flags
r-devel-linux-x86_64-debian-clang 1.0.0 60.24 517.17 577.41 OK
r-devel-linux-x86_64-debian-gcc 1.0.0 0.41 1.81 2.22 ERROR
r-devel-linux-x86_64-fedora-clang 1.0.0 754.19 OK
r-devel-linux-x86_64-fedora-gcc 1.0.0 673.56 OK
r-devel-windows-x86_64 1.0.0 47.00 316.00 363.00 OK
r-patched-linux-x86_64 1.0.0 56.97 489.81 546.78 OK
r-release-linux-x86_64 1.0.0 38.91 481.36 520.27 OK
r-release-macos-arm64 1.0.0 5.00 ERROR
r-release-macos-x86_64 1.0.0 265.00 NOTE
r-release-windows-x86_64 1.0.0 48.00 325.00 373.00 OK
r-oldrel-macos-arm64 1.0.0 12.00 ERROR
r-oldrel-macos-x86_64 1.0.0 11.00 ERROR
r-oldrel-windows-x86_64 1.0.0 67.00 433.00 500.00 OK

Check Details

Version: 1.0.0
Check: package dependencies
Result: ERROR Packages required but not available: 'dplyr', 'ggplot2', 'Seurat', 'harmony', 'NMF', 'reshape2', 'glmGamPoi' Packages suggested but not available for checking: 'plotly', 'DESeq2', 'scater', 'scran', 'sctransform', 'Linnorm' See section ‘The DESCRIPTION file’ in the ‘Writing R Extensions’ manual. Flavor: r-devel-linux-x86_64-debian-gcc

Version: 1.0.0
Check: package dependencies
Result: ERROR Package required but not available: ‘glmGamPoi’ Package suggested but not available for checking: ‘Linnorm’ See section ‘The DESCRIPTION file’ in the ‘Writing R Extensions’ manual. Flavors: r-release-macos-arm64, r-oldrel-macos-arm64, r-oldrel-macos-x86_64

Version: 1.0.0
Check: package dependencies
Result: NOTE Package suggested but not available for checking: ‘Linnorm’ Flavor: r-release-macos-x86_64