CRAN Package Check Results for Package SCRABBLE

Last updated on 2019-05-24 02:53:59 CEST.

Flavor Version Tinstall Tcheck Ttotal Status Flags
r-devel-linux-x86_64-debian-clang 0.0.1 44.08 77.28 121.36 OK
r-devel-linux-x86_64-debian-gcc 0.0.1 45.84 61.49 107.33 OK
r-devel-linux-x86_64-fedora-clang 0.0.1 165.76 NOTE
r-devel-linux-x86_64-fedora-gcc 0.0.1 165.29 OK
r-devel-windows-ix86+x86_64 0.0.1 92.00 143.00 235.00 OK
r-patched-linux-x86_64 0.0.1 51.28 77.02 128.30 OK
r-patched-solaris-x86 0.0.1 200.40 OK
r-release-linux-x86_64 0.0.1 51.17 76.92 128.09 OK
r-release-windows-ix86+x86_64 0.0.1 114.00 187.00 301.00 OK
r-release-osx-x86_64 0.0.1 NOTE
r-oldrel-windows-ix86+x86_64 0.0.1 80.00 126.00 206.00 OK
r-oldrel-osx-x86_64 0.0.1 NOTE

Check Details

Version: 0.0.1
Check: installed package size
Result: NOTE
     installed size is 16.3Mb
     sub-directories of 1Mb or more:
     libs 15.9Mb
Flavors: r-devel-linux-x86_64-fedora-clang, r-release-osx-x86_64, r-oldrel-osx-x86_64

Version: 0.0.1
Check: package dependencies
Result: NOTE
    Package suggested but not available for checking: ‘BiocStyle’
Flavors: r-release-osx-x86_64, r-oldrel-osx-x86_64