CRAN Package Check Results for Package SCCI

Last updated on 2022-01-20 04:53:05 CET.

Flavor Version Tinstall Tcheck Ttotal Status Flags
r-devel-linux-x86_64-debian-clang 1.2 OK
r-devel-linux-x86_64-debian-gcc 1.2 12.83 28.84 41.67 OK
r-devel-linux-x86_64-fedora-clang 1.2 76.11 OK
r-devel-linux-x86_64-fedora-gcc 1.2 59.31 OK
r-devel-windows-x86_64-new-UL 1.2 32.00 79.00 111.00 OK
r-devel-windows-x86_64-new-TK 1.2 OK
r-patched-linux-x86_64 1.2 15.68 35.20 50.88 OK
r-release-linux-x86_64 1.2 OK
r-release-macos-arm64 1.2 NOTE
r-release-macos-x86_64 1.2 OK
r-release-windows-ix86+x86_64 1.2 45.00 73.00 118.00 OK
r-oldrel-macos-x86_64 1.2 OK
r-oldrel-windows-ix86+x86_64 1.2 45.00 73.00 118.00 OK

Check Details

Version: 1.2
Check: package dependencies
Result: NOTE
    Package suggested but not available for checking: ‘pcalg’
Flavor: r-release-macos-arm64