CRAN Package Check Results for Package SBSA

Last updated on 2021-12-03 03:55:45 CET.

Flavor Version Tinstall Tcheck Ttotal Status Flags
r-devel-linux-x86_64-debian-clang 0.2.3 120.85 42.10 162.95 NOTE
r-devel-linux-x86_64-debian-gcc 0.2.3 94.09 31.08 125.17 NOTE
r-devel-linux-x86_64-fedora-clang 0.2.3 295.03 NOTE
r-devel-linux-x86_64-fedora-gcc 0.2.3 238.85 NOTE
r-devel-windows-x86_64-new-UL 0.2.3 171.00 117.00 288.00 NOTE
r-devel-windows-x86_64-new-TK 0.2.3 NOTE
r-devel-windows-x86_64-old 0.2.3 176.00 57.00 233.00 NOTE
r-patched-linux-x86_64 0.2.3 112.94 40.41 153.35 NOTE
r-patched-solaris-x86 0.2.3 236.40 NOTE
r-release-linux-x86_64 0.2.3 112.63 40.42 153.05 NOTE
r-release-macos-arm64 0.2.3 NOTE
r-release-macos-x86_64 0.2.3 NOTE
r-release-windows-ix86+x86_64 0.2.3 348.00 90.00 438.00 NOTE
r-oldrel-macos-x86_64 0.2.3 NOTE
r-oldrel-windows-ix86+x86_64 0.2.3 341.00 86.00 427.00 NOTE

Check Details

Version: 0.2.3
Check: DESCRIPTION meta-information
Result: NOTE
    Malformed Description field: should contain one or more complete sentences.
Flavors: r-devel-linux-x86_64-debian-clang, r-devel-linux-x86_64-debian-gcc, r-devel-linux-x86_64-fedora-clang, r-devel-linux-x86_64-fedora-gcc, r-devel-windows-x86_64-new-UL, r-devel-windows-x86_64-new-TK, r-devel-windows-x86_64-old, r-patched-linux-x86_64, r-patched-solaris-x86, r-release-linux-x86_64, r-release-macos-arm64, r-release-macos-x86_64, r-release-windows-ix86+x86_64, r-oldrel-macos-x86_64, r-oldrel-windows-ix86+x86_64

Version: 0.2.3
Check: R code for possible problems
Result: NOTE
    fitSBSA: no visible binding for global variable 'var'
    fitSBSA: no visible global function definition for 'var'
    fitSBSA: no visible global function definition for 'qnorm'
    Undefined global functions or variables:
     qnorm var
    Consider adding
     importFrom("stats", "qnorm", "var")
    to your NAMESPACE file.
Flavors: r-devel-linux-x86_64-debian-clang, r-devel-linux-x86_64-debian-gcc, r-devel-linux-x86_64-fedora-clang, r-devel-linux-x86_64-fedora-gcc, r-devel-windows-x86_64-new-UL, r-devel-windows-x86_64-new-TK, r-devel-windows-x86_64-old, r-patched-linux-x86_64, r-patched-solaris-x86, r-release-linux-x86_64, r-release-macos-arm64, r-release-macos-x86_64, r-release-windows-ix86+x86_64, r-oldrel-macos-x86_64, r-oldrel-windows-ix86+x86_64

Version: 0.2.3
Check: compiled code
Result: NOTE
    File ‘SBSA/libs/SBSA.so’:
     Found no calls to: ‘R_registerRoutines’, ‘R_useDynamicSymbols’
    
    It is good practice to register native routines and to disable symbol
    search.
    
    See ‘Writing portable packages’ in the ‘Writing R Extensions’ manual.
Flavors: r-devel-linux-x86_64-fedora-clang, r-devel-linux-x86_64-fedora-gcc