Last updated on 2023-12-11 18:53:42 CET.
Flavor | Version | Tinstall | Tcheck | Ttotal | Status | Flags |
---|---|---|---|---|---|---|
r-devel-linux-x86_64-debian-clang | 1.0.0 | 63.39 | 80.37 | 143.76 | NOTE | |
r-devel-linux-x86_64-debian-gcc | 1.0.0 | 39.06 | 59.38 | 98.44 | NOTE | |
r-devel-linux-x86_64-fedora-clang | 1.0.0 | 184.95 | OK | |||
r-devel-linux-x86_64-fedora-gcc | 1.0.0 | 182.36 | OK | |||
r-devel-windows-x86_64 | 1.0.0 | 50.00 | 118.00 | 168.00 | OK | |
r-patched-linux-x86_64 | 1.0.0 | 56.62 | 76.44 | 133.06 | OK | |
r-release-linux-x86_64 | 1.0.0 | 47.63 | 77.37 | 125.00 | OK | |
r-release-macos-arm64 | 1.0.0 | 52.00 | NOTE | |||
r-release-macos-x86_64 | 1.0.0 | 100.00 | NOTE | |||
r-release-windows-x86_64 | 1.0.0 | 64.00 | 140.00 | 204.00 | OK | |
r-oldrel-macos-arm64 | 1.0.0 | 59.00 | NOTE | |||
r-oldrel-macos-x86_64 | 1.0.0 | 70.00 | NOTE | |||
r-oldrel-windows-x86_64 | 1.0.0 | 58.00 | 125.00 | 183.00 | OK |
Version: 1.0.0
Check: Rd files
Result: NOTE
checkRd: (-1) OTC.Rd:42: Lost braces; missing escapes or markup?
42 | discretizing R^{numbers of variables}. If NULL, it is estimating
| ^
checkRd: (-1) OTC.Rd:83: Lost braces; missing escapes or markup?
83 | discretizing R^{numbers of variables}. If NULL, it is estimating
| ^
checkRd: (-1) OTHist.Rd:29: Lost braces; missing escapes or markup?
29 | discretizing R^{numbers of variables}. If NULL, it is estimating
| ^
checkRd: (-1) dOTC.Rd:72: Lost braces; missing escapes or markup?
72 | discretizing R^{numbers of variables}. If NULL, it is estimating
| ^
Flavors: r-devel-linux-x86_64-debian-clang, r-devel-linux-x86_64-debian-gcc
Version: 1.0.0
Check: installed package size
Result: NOTE
installed size is 5.2Mb
sub-directories of 1Mb or more:
R 1.0Mb
libs 3.9Mb
Flavors: r-release-macos-arm64, r-release-macos-x86_64, r-oldrel-macos-arm64, r-oldrel-macos-x86_64