CRAN Package Check Results for Package SARP.compo

Last updated on 2019-08-24 22:46:37 CEST.

Flavor Version Tinstall Tcheck Ttotal Status Flags
r-devel-linux-x86_64-debian-clang 0.1.0 5.57 62.80 68.37 NOTE
r-devel-linux-x86_64-debian-gcc 0.1.0 5.46 48.27 53.73 NOTE
r-devel-linux-x86_64-fedora-clang 0.1.0 82.22 NOTE
r-devel-linux-x86_64-fedora-gcc 0.1.0 79.94 NOTE
r-devel-windows-ix86+x86_64 0.1.0 15.00 204.00 219.00 OK
r-patched-linux-x86_64 0.1.0 5.77 60.77 66.54 OK
r-patched-solaris-x86 0.1.0 123.90 OK
r-release-linux-x86_64 0.1.0 6.02 60.71 66.73 OK
r-release-windows-ix86+x86_64 0.1.0 33.00 107.00 140.00 OK
r-release-osx-x86_64 0.1.0 OK
r-oldrel-windows-ix86+x86_64 0.1.0 16.00 111.00 127.00 OK
r-oldrel-osx-x86_64 0.1.0 OK

Check Details

Version: 0.1.0
Check: for non-standard things in the check directory
Result: NOTE
    Found the following files/directories:
     'fichier_test.csv'
Flavors: r-devel-linux-x86_64-debian-clang, r-devel-linux-x86_64-debian-gcc, r-devel-linux-x86_64-fedora-clang, r-devel-linux-x86_64-fedora-gcc