Last updated on 2023-11-30 02:52:38 CET.
Flavor | Version | Tinstall | Tcheck | Ttotal | Status | Flags |
---|---|---|---|---|---|---|
r-devel-linux-x86_64-debian-clang | 1.1.1 | 26.16 | 540.82 | 566.98 | OK | |
r-devel-linux-x86_64-debian-gcc | 1.1.1 | 19.90 | 380.92 | 400.82 | OK | |
r-devel-linux-x86_64-fedora-clang | 1.1.1 | 675.34 | OK | |||
r-devel-linux-x86_64-fedora-gcc | 1.1.1 | 666.06 | OK | |||
r-devel-windows-x86_64 | 1.1.1 | 14.00 | 352.00 | 366.00 | OK | |
r-patched-linux-x86_64 | 1.1.1 | 31.40 | 514.32 | 545.72 | OK | |
r-release-linux-x86_64 | 1.1.1 | 0.26 | 1.90 | 2.16 | ERROR | |
r-release-macos-arm64 | 1.1.1 | 176.00 | OK | |||
r-release-macos-x86_64 | 1.1.1 | 381.00 | OK | |||
r-release-windows-x86_64 | 1.1.1 | 21.00 | 483.00 | 504.00 | OK | |
r-oldrel-macos-arm64 | 1.1.1 | 148.00 | OK | |||
r-oldrel-macos-x86_64 | 1.1.1 | 274.00 | OK | |||
r-oldrel-windows-x86_64 | 1.1.1 | 18.00 | 478.00 | 496.00 | OK |
Version: 1.1.1
Check: package dependencies
Result: ERROR
Package required but not available: ‘RBesT’
See section ‘The DESCRIPTION file’ in the ‘Writing R Extensions’
manual.
Flavor: r-release-linux-x86_64