CRAN Package Check Results for Package SAMM

Last updated on 2021-12-04 22:59:46 CET.

Flavor Version Tinstall Tcheck Ttotal Status Flags
r-devel-linux-x86_64-debian-clang 1.1.1 110.60 35.35 145.95 OK
r-devel-linux-x86_64-debian-gcc 1.1.1 87.58 28.44 116.02 OK
r-devel-linux-x86_64-fedora-clang 1.1.1 222.74 NOTE
r-devel-linux-x86_64-fedora-gcc 1.1.1 198.87 OK
r-devel-windows-x86_64-new-UL 1.1.1 112.00 93.00 205.00 OK
r-devel-windows-x86_64-new-TK 1.1.1 OK
r-devel-windows-x86_64-old 1.1.1 121.00 49.00 170.00 OK
r-patched-linux-x86_64 1.1.1 98.05 26.70 124.75 OK
r-release-linux-x86_64 1.1.1 105.30 26.48 131.78 OK
r-release-macos-arm64 1.1.1 NOTE
r-release-macos-x86_64 1.1.1 NOTE
r-release-windows-ix86+x86_64 1.1.1 242.00 77.00 319.00 OK
r-oldrel-macos-x86_64 1.1.1 NOTE
r-oldrel-windows-ix86+x86_64 1.1.1 235.00 80.00 315.00 OK

Check Details

Version: 1.1.1
Check: installed package size
Result: NOTE
     installed size is 13.3Mb
     sub-directories of 1Mb or more:
     libs 13.2Mb
Flavors: r-devel-linux-x86_64-fedora-clang, r-release-macos-arm64, r-release-macos-x86_64, r-oldrel-macos-x86_64