CRAN Package Check Results for Package SAMGEP

Last updated on 2021-11-26 23:50:14 CET.

Flavor Version Tinstall Tcheck Ttotal Status Flags
r-devel-linux-x86_64-debian-clang 0.1.0-1 43.71 291.07 334.78 OK
r-devel-linux-x86_64-debian-gcc 0.1.0-1 33.17 215.58 248.75 OK
r-devel-linux-x86_64-fedora-clang 0.1.0-1 425.89 NOTE
r-devel-linux-x86_64-fedora-gcc 0.1.0-1 406.95 NOTE
r-devel-windows-x86_64-new-UL 0.1.0-1 64.00 373.00 437.00 OK
r-devel-windows-x86_64-new-TK 0.1.0-1 NOTE
r-devel-windows-x86_64-old 0.1.0-1 45.00 375.00 420.00 OK
r-patched-linux-x86_64 0.1.0-1 39.52 279.38 318.90 OK
r-patched-solaris-x86 0.1.0-1 125.20 NOTE
r-release-linux-x86_64 0.1.0-1 OK
r-release-macos-arm64 0.1.0-1 NOTE
r-release-macos-x86_64 0.1.0-1 NOTE
r-release-windows-ix86+x86_64 0.1.0-1 115.00 373.00 488.00 OK
r-oldrel-macos-x86_64 0.1.0-1 NOTE
r-oldrel-windows-ix86+x86_64 0.1.0-1 85.00 372.00 457.00 OK

Check Details

Version: 0.1.0-1
Check: dependencies in R code
Result: NOTE
    Namespace in Imports field not imported from: ‘Rcpp’
     All declared Imports should be used.
Flavors: r-devel-linux-x86_64-fedora-clang, r-devel-linux-x86_64-fedora-gcc, r-devel-windows-x86_64-new-TK, r-patched-solaris-x86, r-release-macos-arm64, r-release-macos-x86_64, r-oldrel-macos-x86_64