Last updated on 2021-01-24 08:49:44 CET.
Flavor | Version | Tinstall | Tcheck | Ttotal | Status | Flags |
---|---|---|---|---|---|---|
r-devel-linux-x86_64-debian-clang | 1.1.2.1 | 72.66 | 45.14 | 117.80 | OK | |
r-devel-linux-x86_64-debian-gcc | 1.1.2.1 | 56.06 | 36.34 | 92.40 | OK | |
r-devel-linux-x86_64-fedora-clang | 1.1.2.1 | 181.21 | NOTE | |||
r-devel-linux-x86_64-fedora-gcc | 1.1.2.1 | 154.48 | NOTE | |||
r-devel-windows-ix86+x86_64 | 1.1.2.1 | 146.00 | 110.00 | 256.00 | OK | |
r-patched-linux-x86_64 | 1.1.2.1 | 58.80 | 44.97 | 103.77 | OK | |
r-patched-solaris-x86 | 1.1.2.1 | 151.40 | OK | |||
r-release-linux-x86_64 | 1.1.2.1 | 64.07 | 45.01 | 109.08 | OK | |
r-release-macos-x86_64 | 1.1.2.1 | NOTE | ||||
r-release-windows-ix86+x86_64 | 1.1.2.1 | 104.00 | 107.00 | 211.00 | OK | |
r-oldrel-macos-x86_64 | 1.1.2.1 | NOTE | ||||
r-oldrel-windows-ix86+x86_64 | 1.1.2.1 | 108.00 | 95.00 | 203.00 | OK |
Version: 1.1.2.1
Check: installed package size
Result: NOTE
installed size is 21.1Mb
sub-directories of 1Mb or more:
libs 20.9Mb
Flavors: r-devel-linux-x86_64-fedora-clang, r-release-macos-x86_64, r-oldrel-macos-x86_64
Version: 1.1.2.1
Check: top-level files
Result: NOTE
‘cleanup’: /bin/bash is not portable
Flavors: r-devel-linux-x86_64-fedora-clang, r-devel-linux-x86_64-fedora-gcc