Last updated on 2023-03-20 10:57:24 CET.
Flavor | Version | Tinstall | Tcheck | Ttotal | Status | Flags |
---|---|---|---|---|---|---|
r-devel-linux-x86_64-debian-clang | 0.1.5 | OK | ||||
r-devel-linux-x86_64-debian-gcc | 0.1.5 | 7.31 | 53.25 | 60.56 | OK | |
r-devel-linux-x86_64-fedora-clang | 0.1.5 | 100.99 | NOTE | |||
r-devel-linux-x86_64-fedora-gcc | 0.1.5 | 101.80 | NOTE | |||
r-devel-windows-x86_64 | 0.1.5 | 16.00 | 99.00 | 115.00 | OK | |
r-patched-linux-x86_64 | 0.1.5 | 6.51 | 70.95 | 77.46 | OK | |
r-release-linux-x86_64 | 0.1.5 | 8.82 | 70.31 | 79.13 | OK | |
r-release-macos-arm64 | 0.1.5 | 30.00 | NOTE | |||
r-release-macos-x86_64 | 0.1.5 | 45.00 | NOTE | |||
r-release-windows-x86_64 | 0.1.5 | 17.00 | 115.00 | 132.00 | OK | |
r-oldrel-macos-arm64 | 0.1.5 | 30.00 | NOTE | |||
r-oldrel-macos-x86_64 | 0.1.5 | 43.00 | NOTE | |||
r-oldrel-windows-ix86+x86_64 | 0.1.5 | 21.00 | 96.00 | 117.00 | OK |
Version: 0.1.5
Check: data for non-ASCII characters
Result: NOTE
Note: found 4 marked UTF-8 strings
Flavors: r-devel-linux-x86_64-fedora-clang, r-devel-linux-x86_64-fedora-gcc, r-release-macos-arm64, r-release-macos-x86_64, r-oldrel-macos-arm64, r-oldrel-macos-x86_64