Last updated on 2023-10-02 10:01:53 CEST.
Flavor | Version | Tinstall | Tcheck | Ttotal | Status | Flags |
---|---|---|---|---|---|---|
r-devel-linux-x86_64-debian-clang | 0.4.4 | 90.57 | 112.50 | 203.07 | NOTE | |
r-devel-linux-x86_64-debian-gcc | 0.4.4 | 67.08 | 84.62 | 151.70 | NOTE | |
r-devel-linux-x86_64-fedora-clang | 0.4.4 | 325.11 | NOTE | |||
r-devel-linux-x86_64-fedora-gcc | 0.4.4 | 323.23 | NOTE | |||
r-devel-windows-x86_64 | 0.4.4 | 91.00 | 141.00 | 232.00 | NOTE | |
r-patched-linux-x86_64 | 0.4.4 | 97.12 | 111.28 | 208.40 | NOTE | |
r-release-linux-x86_64 | 0.4.4 | 94.27 | 110.07 | 204.34 | NOTE | |
r-release-macos-arm64 | 0.4.4 | 105.00 | NOTE | |||
r-release-macos-x86_64 | 0.4.4 | 162.00 | NOTE | |||
r-release-windows-x86_64 | 0.4.4 | 84.00 | 160.00 | 244.00 | NOTE | |
r-oldrel-macos-arm64 | 0.4.4 | 98.00 | NOTE | |||
r-oldrel-macos-x86_64 | 0.4.4 | 124.00 | NOTE | |||
r-oldrel-windows-x86_64 | 0.4.4 | 111.00 | 136.00 | 247.00 | OK |
Version: 0.4.4
Check: C++ specification
Result: NOTE
Specified C++11: please drop specification unless essential
Flavors: r-devel-linux-x86_64-debian-clang, r-devel-linux-x86_64-debian-gcc, r-devel-linux-x86_64-fedora-clang, r-devel-linux-x86_64-fedora-gcc, r-devel-windows-x86_64, r-patched-linux-x86_64, r-release-linux-x86_64, r-release-macos-arm64, r-release-macos-x86_64, r-release-windows-x86_64
Version: 0.4.4
Check: installed package size
Result: NOTE
installed size is 10.1Mb
sub-directories of 1Mb or more:
libs 8.4Mb
yacas 1.3Mb
Flavors: r-release-macos-arm64, r-release-macos-x86_64, r-oldrel-macos-arm64, r-oldrel-macos-x86_64