CRAN Package Check Results for Package Ryacas

Last updated on 2021-06-14 00:49:32 CEST.

Flavor Version Tinstall Tcheck Ttotal Status Flags
r-devel-linux-x86_64-debian-clang 1.1.3.1 116.42 100.01 216.43 OK
r-devel-linux-x86_64-debian-gcc 1.1.3.1 73.94 75.99 149.93 OK
r-devel-linux-x86_64-fedora-clang 1.1.3.1 305.41 NOTE
r-devel-linux-x86_64-fedora-gcc 1.1.3.1 265.98 OK
r-devel-windows-x86_64 1.1.3.1 138.00 144.00 282.00 NOTE
r-devel-windows-x86_64-gcc10-UCRT 1.1.3.1 NOTE
r-patched-linux-x86_64 1.1.3.1 91.71 96.57 188.28 OK
r-patched-solaris-x86 1.1.3.1 254.40 OK
r-release-linux-x86_64 1.1.3.1 87.38 96.67 184.05 OK
r-release-macos-arm64 1.1.3.1 NOTE
r-release-macos-x86_64 1.1.3.1 NOTE
r-release-windows-ix86+x86_64 1.1.3.1 227.00 185.00 412.00 NOTE
r-oldrel-macos-x86_64 1.1.3.1 NOTE
r-oldrel-windows-ix86+x86_64 1.1.3.1 212.00 187.00 399.00 NOTE

Check Details

Version: 1.1.3.1
Check: installed package size
Result: NOTE
     installed size is 10.1Mb
     sub-directories of 1Mb or more:
     libs 7.9Mb
     yacas 1.6Mb
Flavors: r-devel-linux-x86_64-fedora-clang, r-release-macos-arm64, r-release-macos-x86_64, r-oldrel-macos-x86_64

Version: 1.1.3.1
Check: package dependencies
Result: NOTE
    Package suggested but not available for checking: 'unix'
Flavors: r-devel-windows-x86_64, r-devel-windows-x86_64-gcc10-UCRT, r-release-windows-ix86+x86_64, r-oldrel-windows-ix86+x86_64