CRAN Package Check Results for Package Ryacas

Last updated on 2019-04-26 06:47:54 CEST.

Flavor Version Tinstall Tcheck Ttotal Status Flags
r-devel-linux-x86_64-debian-clang 0.4.1 72.18 100.18 172.36 OK
r-devel-linux-x86_64-debian-gcc 0.4.1 60.98 78.02 139.00 OK
r-devel-linux-x86_64-fedora-clang 0.4.1 263.49 NOTE
r-devel-linux-x86_64-fedora-gcc 0.4.1 223.74 OK
r-devel-windows-ix86+x86_64 0.4.1 238.00 141.00 379.00 OK
r-patched-linux-x86_64 0.4.1 68.78 99.93 168.71 OK
r-patched-solaris-x86 0.4.1 245.70 OK
r-release-linux-x86_64 0.4.1 69.63 87.38 157.01 OK
r-release-windows-ix86+x86_64 0.4.1 241.00 201.00 442.00 OK
r-release-osx-x86_64 0.4.1 NOTE
r-oldrel-windows-ix86+x86_64 0.4.1 179.00 138.00 317.00 OK
r-oldrel-osx-x86_64 0.4.1 NOTE

Check Details

Version: 0.4.1
Check: installed package size
Result: NOTE
     installed size is 9.6Mb
     sub-directories of 1Mb or more:
     libs 7.6Mb
     yacas 1.5Mb
Flavors: r-devel-linux-x86_64-fedora-clang, r-release-osx-x86_64, r-oldrel-osx-x86_64