CRAN Package Check Results for Package Ryacas

Last updated on 2019-07-21 07:49:19 CEST.

Flavor Version Tinstall Tcheck Ttotal Status Flags
r-devel-linux-x86_64-debian-clang 0.4.1 76.35 99.46 175.81 OK
r-devel-linux-x86_64-debian-gcc 0.4.1 60.19 78.27 138.46 OK
r-devel-linux-x86_64-fedora-clang 0.4.1 253.02 NOTE
r-devel-linux-x86_64-fedora-gcc 0.4.1 233.09 OK
r-devel-windows-ix86+x86_64 0.4.1 182.00 152.00 334.00 OK
r-patched-linux-x86_64 0.4.1 71.55 100.04 171.59 OK
r-patched-solaris-x86 0.4.1 249.60 OK
r-release-linux-x86_64 0.4.1 71.76 99.38 171.14 OK
r-release-windows-ix86+x86_64 0.4.1 176.00 152.00 328.00 OK
r-release-osx-x86_64 0.4.1 NOTE
r-oldrel-windows-ix86+x86_64 0.4.1 225.00 193.00 418.00 OK
r-oldrel-osx-x86_64 0.4.1 NOTE

Check Details

Version: 0.4.1
Check: installed package size
Result: NOTE
     installed size is 9.6Mb
     sub-directories of 1Mb or more:
     libs 7.6Mb
     yacas 1.5Mb
Flavors: r-devel-linux-x86_64-fedora-clang, r-release-osx-x86_64, r-oldrel-osx-x86_64