Last updated on 2023-01-27 16:49:30 CET.
Flavor | Version | Tinstall | Tcheck | Ttotal | Status | Flags |
---|---|---|---|---|---|---|
r-devel-linux-x86_64-debian-clang | 0.3-2 | 2.71 | 35.37 | 38.08 | OK | |
r-devel-linux-x86_64-debian-gcc | 0.3-2 | 2.38 | 28.28 | 30.66 | OK | |
r-devel-linux-x86_64-fedora-clang | 0.3-2 | 49.99 | NOTE | |||
r-devel-linux-x86_64-fedora-gcc | 0.3-2 | 48.25 | NOTE | |||
r-devel-windows-x86_64 | 0.3-2 | 14.00 | 63.00 | 77.00 | OK | |
r-patched-linux-x86_64 | 0.3-2 | 3.20 | 36.16 | 39.36 | OK | |
r-release-linux-x86_64 | 0.3-2 | 2.41 | 36.22 | 38.63 | OK | |
r-release-macos-arm64 | 0.3-2 | 20.00 | NOTE | |||
r-release-macos-x86_64 | 0.3-2 | 30.00 | NOTE | |||
r-release-windows-x86_64 | 0.3-2 | 27.00 | 65.00 | 92.00 | OK | |
r-oldrel-macos-arm64 | 0.3-2 | 24.00 | NOTE | |||
r-oldrel-macos-x86_64 | 0.3-2 | 43.00 | NOTE | |||
r-oldrel-windows-ix86+x86_64 | 0.3-2 | 8.00 | 63.00 | 71.00 | OK |
Version: 0.3-2
Check: Rd cross-references
Result: NOTE
Undeclared package ‘tm’ in Rd xrefs
Flavor: r-devel-linux-x86_64-fedora-clang
Version: 0.3-2
Check: data for non-ASCII characters
Result: NOTE
Note: found 2016 marked UTF-8 strings
Flavors: r-devel-linux-x86_64-fedora-clang, r-devel-linux-x86_64-fedora-gcc, r-release-macos-arm64, r-release-macos-x86_64, r-oldrel-macos-arm64, r-oldrel-macos-x86_64