Last updated on 2023-12-11 16:53:07 CET.
Flavor | Version | Tinstall | Tcheck | Ttotal | Status | Flags |
---|---|---|---|---|---|---|
r-devel-linux-x86_64-debian-clang | 0.8-3 | 76.15 | 65.25 | 141.40 | NOTE | |
r-devel-linux-x86_64-debian-gcc | 0.8-3 | 66.02 | 49.04 | 115.06 | NOTE | |
r-devel-linux-x86_64-fedora-clang | 0.8-3 | 222.91 | NOTE | |||
r-devel-linux-x86_64-fedora-gcc | 0.8-3 | 212.31 | NOTE | |||
r-devel-windows-x86_64 | 0.8-3 | 63.00 | 98.00 | 161.00 | NOTE | |
r-patched-linux-x86_64 | 0.8-3 | 80.05 | 63.84 | 143.89 | NOTE | |
r-release-linux-x86_64 | 0.8-3 | 83.42 | 64.06 | 147.48 | NOTE | |
r-release-macos-arm64 | 0.8-3 | 57.00 | NOTE | |||
r-release-macos-x86_64 | 0.8-3 | 92.00 | NOTE | |||
r-release-windows-x86_64 | 0.8-3 | 83.00 | 111.00 | 194.00 | NOTE | |
r-oldrel-macos-arm64 | 0.8-3 | 52.00 | NOTE | |||
r-oldrel-macos-x86_64 | 0.8-3 | 68.00 | NOTE | |||
r-oldrel-windows-x86_64 | 0.8-3 | 79.00 | 107.00 | 186.00 | OK |
Version: 0.8-3
Check: C++ specification
Result: NOTE
Specified C++11: please drop specification unless essential
Flavors: r-devel-linux-x86_64-debian-clang, r-devel-linux-x86_64-debian-gcc, r-devel-linux-x86_64-fedora-clang, r-devel-linux-x86_64-fedora-gcc, r-devel-windows-x86_64, r-patched-linux-x86_64, r-release-linux-x86_64, r-release-macos-arm64, r-release-macos-x86_64, r-release-windows-x86_64
Version: 0.8-3
Check: installed package size
Result: NOTE
installed size is 11.0Mb
sub-directories of 1Mb or more:
libs 10.1Mb
Flavors: r-release-macos-arm64, r-release-macos-x86_64, r-oldrel-macos-arm64, r-oldrel-macos-x86_64