CRAN Package Check Results for Package Rvcg

Last updated on 2021-11-29 19:51:44 CET.

Flavor Version Tinstall Tcheck Ttotal Status Flags
r-devel-linux-x86_64-debian-clang 0.20.2 731.01 47.83 778.84 OK
r-devel-linux-x86_64-debian-gcc 0.20.2 564.36 42.73 607.09 OK
r-devel-linux-x86_64-fedora-clang 0.20.2 1303.74 NOTE
r-devel-linux-x86_64-fedora-gcc 0.20.2 1150.73 OK
r-devel-windows-x86_64-new-UL 0.20.2 997.00 691.00 1688.00 OK
r-devel-windows-x86_64-new-TK 0.20.2 OK
r-devel-windows-x86_64-old 0.20.2 991.00 536.00 1527.00 OK
r-patched-linux-x86_64 0.20.2 672.86 52.12 724.98 OK
r-patched-solaris-x86 0.20.2 909.60 OK
r-release-linux-x86_64 0.20.2 678.08 52.15 730.23 OK
r-release-macos-arm64 0.20.2 NOTE
r-release-macos-x86_64 0.20.2 NOTE
r-release-windows-ix86+x86_64 0.20.2 1780.00 129.00 1909.00 NOTE
r-oldrel-macos-x86_64 0.20.2 NOTE
r-oldrel-windows-ix86+x86_64 0.20.2 1310.00 124.00 1434.00 NOTE

Check Details

Version: 0.20.2
Check: installed package size
Result: NOTE
     installed size is 51.1Mb
     sub-directories of 1Mb or more:
     libs 49.9Mb
Flavors: r-devel-linux-x86_64-fedora-clang, r-release-macos-arm64, r-release-macos-x86_64, r-release-windows-ix86+x86_64, r-oldrel-macos-x86_64, r-oldrel-windows-ix86+x86_64