CRAN Package Check Results for Package Runuran

Last updated on 2019-09-21 17:47:01 CEST.

Flavor Version Tinstall Tcheck Ttotal Status Flags
r-devel-linux-x86_64-debian-clang 0.27 51.33 83.41 134.74 WARN
r-devel-linux-x86_64-debian-gcc 0.27 35.83 63.65 99.48 WARN
r-devel-linux-x86_64-fedora-clang 0.27 173.25 WARN
r-devel-linux-x86_64-fedora-gcc 0.27 162.13 WARN
r-devel-windows-ix86+x86_64 0.27 234.00 154.00 388.00 OK
r-patched-linux-x86_64 0.27 39.95 82.49 122.44 OK
r-patched-solaris-x86 0.27 228.80 OK
r-release-linux-x86_64 0.27 40.69 83.01 123.70 OK
r-release-windows-ix86+x86_64 0.27 196.00 155.00 351.00 OK
r-release-osx-x86_64 0.27 OK
r-oldrel-windows-ix86+x86_64 0.27 182.00 148.00 330.00 OK
r-oldrel-osx-x86_64 0.27 OK

Check Details

Version: 0.27
Check: whether package can be installed
Result: WARN
    Found the following significant warnings:
     'config' variable 'CPP' is deprecated
Flavors: r-devel-linux-x86_64-debian-clang, r-devel-linux-x86_64-debian-gcc, r-devel-linux-x86_64-fedora-clang, r-devel-linux-x86_64-fedora-gcc