CRAN Package Check Results for Package Rtrack

Last updated on 2021-12-03 00:48:55 CET.

Flavor Version Tinstall Tcheck Ttotal Status Flags
r-devel-linux-x86_64-debian-clang 1.0.0 43.11 307.96 351.07 NOTE
r-devel-linux-x86_64-debian-gcc 1.0.0 36.18 223.98 260.16 NOTE
r-devel-linux-x86_64-fedora-clang 1.0.0 463.40 NOTE
r-devel-linux-x86_64-fedora-gcc 1.0.0 422.23 NOTE
r-devel-windows-x86_64-new-UL 1.0.0 68.00 330.00 398.00 NOTE
r-devel-windows-x86_64-new-TK 1.0.0 NOTE
r-devel-windows-x86_64-old 1.0.0 66.00 252.00 318.00 NOTE
r-patched-linux-x86_64 1.0.0 41.60 289.08 330.68 NOTE
r-patched-solaris-x86 1.0.0 552.40 NOTE
r-release-linux-x86_64 1.0.0 48.67 287.56 336.23 NOTE
r-release-macos-arm64 1.0.0 NOTE
r-release-macos-x86_64 1.0.0 NOTE
r-release-windows-ix86+x86_64 1.0.0 95.00 329.00 424.00 NOTE
r-oldrel-macos-x86_64 1.0.0 OK
r-oldrel-windows-ix86+x86_64 1.0.0 95.00 337.00 432.00 OK

Check Details

Version: 1.0.0
Check: LazyData
Result: NOTE
     'LazyData' is specified without a 'data' directory
Flavors: r-devel-linux-x86_64-debian-clang, r-devel-linux-x86_64-debian-gcc, r-devel-linux-x86_64-fedora-clang, r-devel-linux-x86_64-fedora-gcc, r-devel-windows-x86_64-new-UL, r-devel-windows-x86_64-new-TK, r-devel-windows-x86_64-old, r-patched-linux-x86_64, r-patched-solaris-x86, r-release-linux-x86_64, r-release-macos-arm64, r-release-macos-x86_64, r-release-windows-ix86+x86_64