CRAN Package Check Results for Package Rtextrankr

Last updated on 2019-08-24 22:46:37 CEST.

Flavor Version Tinstall Tcheck Ttotal Status Flags
r-devel-linux-x86_64-debian-clang 1.0.0 8.40 70.53 78.93 OK
r-devel-linux-x86_64-debian-gcc 1.0.0 7.58 53.79 61.37 OK
r-devel-linux-x86_64-fedora-clang 1.0.0 94.79 OK
r-devel-linux-x86_64-fedora-gcc 1.0.0 95.77 OK
r-devel-windows-ix86+x86_64 1.0.0 11.00 6.00 17.00 ERROR
r-patched-linux-x86_64 1.0.0 9.03 68.97 78.00 OK
r-patched-solaris-x86 1.0.0 149.40 OK
r-release-linux-x86_64 1.0.0 8.92 67.82 76.74 OK
r-release-windows-ix86+x86_64 1.0.0 32.00 115.00 147.00 OK
r-release-osx-x86_64 1.0.0 OK
r-oldrel-windows-ix86+x86_64 1.0.0 16.00 125.00 141.00 OK
r-oldrel-osx-x86_64 1.0.0 OK

Check Details

Version: 1.0.0
Check: whether package can be installed
Result: ERROR
    Installation failed.
Flavor: r-devel-windows-ix86+x86_64