CRAN Package Check Results for Package Rsymphony

Last updated on 2022-01-23 17:48:28 CET.

Flavor Version Tinstall Tcheck Ttotal Status Flags
r-devel-linux-x86_64-debian-clang 0.1-33 3.12 30.84 33.96 OK
r-devel-linux-x86_64-debian-gcc 0.1-33 2.18 26.64 28.82 OK
r-devel-linux-x86_64-fedora-clang 0.1-33 44.18 NOTE
r-devel-linux-x86_64-fedora-gcc 0.1-33 33.09 OK
r-devel-windows-x86_64-new-UL 0.1-33 21.00 78.00 99.00 OK
r-devel-windows-x86_64-new-TK 0.1-33 OK
r-patched-linux-x86_64 0.1-33 2.75 30.51 33.26 OK
r-release-linux-x86_64 0.1-33 2.64 30.14 32.78 OK
r-release-macos-arm64 0.1-33 OK
r-release-macos-x86_64 0.1-33 OK
r-release-windows-ix86+x86_64 0.1-33 13.00 71.00 84.00 NOTE
r-oldrel-macos-x86_64 0.1-32 OK
r-oldrel-windows-ix86+x86_64 0.1-33 10.00 57.00 67.00 NOTE

Check Details

Version: 0.1-33
Check: Rd cross-references
Result: NOTE
    Undeclared packages ‘lpSolve’, ‘Rglpk’ in Rd xrefs
Flavor: r-devel-linux-x86_64-fedora-clang

Version: 0.1-33
Check: installed package size
Result: NOTE
     installed size is 9.3Mb
     sub-directories of 1Mb or more:
     libs 9.2Mb
Flavors: r-release-windows-ix86+x86_64, r-oldrel-windows-ix86+x86_64