CRAN Package Check Results for Package Rsmlx

Last updated on 2019-09-22 19:51:30 CEST.

Flavor Version Tinstall Tcheck Ttotal Status Flags
r-devel-linux-x86_64-debian-clang 2.0.2 9.24 58.94 68.18 OK
r-devel-linux-x86_64-debian-gcc 2.0.2 7.80 45.30 53.10 OK
r-devel-linux-x86_64-fedora-clang 2.0.2 81.61 NOTE
r-devel-linux-x86_64-fedora-gcc 2.0.2 79.74 NOTE
r-devel-windows-ix86+x86_64 2.0.2 28.00 102.00 130.00 OK
r-patched-linux-x86_64 2.0.2 10.03 56.64 66.67 OK
r-patched-solaris-x86 2.0.2 108.30 NOTE
r-release-linux-x86_64 2.0.2 8.92 57.86 66.78 OK
r-release-windows-ix86+x86_64 2.0.2 27.00 95.00 122.00 OK
r-release-osx-x86_64 2.0.2 NOTE
r-oldrel-windows-ix86+x86_64 2.0.2 12.00 68.00 80.00 OK
r-oldrel-osx-x86_64 2.0.2 NOTE

Check Details

Version: 2.0.2
Check: dependencies in R code
Result: NOTE
    Namespaces in Imports field not imported from:
     ‘methods’ ‘tcltk’ ‘tools’
     All declared Imports should be used.
Flavors: r-devel-linux-x86_64-fedora-clang, r-devel-linux-x86_64-fedora-gcc, r-patched-solaris-x86, r-release-osx-x86_64, r-oldrel-osx-x86_64