CRAN Package Check Results for Package Rprofet

Last updated on 2019-09-15 08:47:28 CEST.

Flavor Version Tinstall Tcheck Ttotal Status Flags
r-devel-linux-x86_64-debian-clang 2.2.0 5.75 68.39 74.14 OK
r-devel-linux-x86_64-debian-gcc 2.2.0 3.96 52.62 56.58 OK
r-devel-linux-x86_64-fedora-clang 2.2.0 86.31 OK
r-devel-linux-x86_64-fedora-gcc 2.2.0 84.89 OK
r-devel-windows-ix86+x86_64 2.2.0 26.00 117.00 143.00 OK
r-patched-linux-x86_64 2.2.0 5.92 65.67 71.59 OK
r-patched-solaris-x86 2.2.0 128.00 OK
r-release-linux-x86_64 2.2.0 5.81 66.92 72.73 OK
r-release-windows-ix86+x86_64 2.2.0 14.00 80.00 94.00 OK
r-release-osx-x86_64 2.2.0 OK
r-oldrel-windows-ix86+x86_64 2.2.0 12.00 80.00 92.00 OK
r-oldrel-osx-x86_64 2.2.0 OK

Check Details

Version: 2.2.0
Check: examples
Result: FAIL
    
Flavor: r-release-osx-x86_64