CRAN Package Check Results for Package Rprofet

Last updated on 2020-01-19 21:48:55 CET.

Flavor Version Tinstall Tcheck Ttotal Status Flags
r-devel-linux-x86_64-debian-clang 2.2.0 6.00 74.15 80.15 OK
r-devel-linux-x86_64-debian-gcc 2.2.0 4.93 56.14 61.07 OK
r-devel-linux-x86_64-fedora-clang 2.2.0 96.80 OK
r-devel-linux-x86_64-fedora-gcc 2.2.0 92.36 OK
r-devel-windows-ix86+x86_64 2.2.0 22.00 120.00 142.00 OK
r-devel-windows-ix86+x86_64-gcc8 2.2.0 16.00 104.00 120.00 OK
r-patched-linux-x86_64 2.2.0 5.41 65.40 70.81 OK
r-patched-solaris-x86 2.2.0 133.90 OK
r-release-linux-x86_64 2.2.0 4.88 65.81 70.69 OK
r-release-windows-ix86+x86_64 2.2.0 25.00 123.00 148.00 OK
r-release-osx-x86_64 2.2.0 FAIL
r-oldrel-windows-ix86+x86_64 2.2.0 7.00 73.00 80.00 OK
r-oldrel-osx-x86_64 2.2.0 OK

Check Details

Version: 2.2.0
Check: examples
Result: FAIL
Flavor: r-release-osx-x86_64