CRAN Package Check Results for Package RprobitB

Last updated on 2021-12-05 22:49:03 CET.

Flavor Version Tinstall Tcheck Ttotal Status Flags
r-devel-linux-x86_64-debian-clang 1.0.0 50.65 244.72 295.37 OK
r-devel-linux-x86_64-debian-gcc 1.0.0 37.24 179.11 216.35 OK
r-devel-linux-x86_64-fedora-clang 1.0.0 379.80 OK
r-devel-linux-x86_64-fedora-gcc 1.0.0 357.25 OK
r-devel-windows-x86_64-new-UL 1.0.0 69.00 320.00 389.00 OK
r-devel-windows-x86_64-new-TK 1.0.0 OK
r-devel-windows-x86_64-old 1.0.0 63.00 251.00 314.00 OK
r-patched-linux-x86_64 1.0.0 45.17 236.05 281.22 OK
r-release-linux-x86_64 1.0.0 46.05 245.05 291.10 OK
r-release-macos-arm64 1.0.0 NOTE
r-release-macos-x86_64 1.0.0 NOTE
r-release-windows-ix86+x86_64 1.0.0 117.00 516.00 633.00 OK
r-oldrel-macos-x86_64 1.0.0 NOTE
r-oldrel-windows-ix86+x86_64 1.0.0 117.00 516.00 633.00 OK

Check Details

Version: 1.0.0
Check: installed package size
Result: NOTE
     installed size is 5.9Mb
     sub-directories of 1Mb or more:
     libs 5.3Mb
Flavors: r-release-macos-arm64, r-release-macos-x86_64, r-oldrel-macos-x86_64