CRAN Package Check Results for Package RprobitB

Last updated on 2022-08-15 18:51:27 CEST.

Flavor Version Tinstall Tcheck Ttotal Status Flags
r-devel-linux-x86_64-debian-clang 1.1.1 117.68 467.40 585.08 OK
r-devel-linux-x86_64-debian-gcc 1.1.1 88.43 330.41 418.84 OK
r-devel-linux-x86_64-fedora-clang 1.1.1 758.47 OK
r-devel-linux-x86_64-fedora-gcc 1.1.1 753.47 OK
r-devel-windows-x86_64 1.1.1 144.00 520.00 664.00 OK
r-patched-linux-x86_64 1.1.1 96.14 437.92 534.06 OK
r-release-linux-x86_64 1.1.1 94.11 419.90 514.01 OK
r-release-macos-arm64 1.1.1 177.00 NOTE
r-release-macos-x86_64 1.1.1 254.00 NOTE
r-release-windows-x86_64 1.1.1 214.00 475.00 689.00 OK
r-oldrel-macos-arm64 1.1.1 183.00 NOTE
r-oldrel-macos-x86_64 1.1.1 264.00 NOTE
r-oldrel-windows-ix86+x86_64 1.1.1 213.00 691.00 904.00 NOTE

Check Details

Version: 1.1.1
Check: installed package size
Result: NOTE
     installed size is 8.5Mb
     sub-directories of 1Mb or more:
     data 1.1Mb
     libs 6.0Mb
Flavors: r-release-macos-arm64, r-release-macos-x86_64, r-oldrel-macos-arm64, r-oldrel-macos-x86_64, r-oldrel-windows-ix86+x86_64