CRAN Package Check Results for Package Rphylopars

Last updated on 2021-12-08 09:53:41 CET.

Flavor Version Tinstall Tcheck Ttotal Status Flags
r-devel-linux-x86_64-debian-clang 0.3.2 64.19 141.29 205.48 OK
r-devel-linux-x86_64-debian-gcc 0.3.2 54.62 105.92 160.54 OK
r-devel-linux-x86_64-fedora-clang 0.3.2 270.09 OK
r-devel-linux-x86_64-fedora-gcc 0.3.2 252.93 OK
r-devel-windows-x86_64-new-UL 0.3.2 86.00 195.00 281.00 OK
r-devel-windows-x86_64-new-TK 0.3.2 OK
r-devel-windows-x86_64-old 0.3.2 86.00 167.00 253.00 OK
r-patched-linux-x86_64 0.3.2 59.41 132.33 191.74 OK
r-release-linux-x86_64 0.3.2 50.01 133.68 183.69 OK
r-release-macos-arm64 0.3.2 NOTE
r-release-macos-x86_64 0.3.2 NOTE
r-release-windows-ix86+x86_64 0.3.2 109.00 223.00 332.00 OK
r-oldrel-macos-x86_64 0.3.2 NOTE
r-oldrel-windows-ix86+x86_64 0.3.2 158.00 233.00 391.00 OK

Check Details

Version: 0.3.2
Check: installed package size
Result: NOTE
     installed size is 7.1Mb
     sub-directories of 1Mb or more:
     libs 6.9Mb
Flavors: r-release-macos-arm64, r-release-macos-x86_64, r-oldrel-macos-x86_64