CRAN Package Check Results for Package Routliers

Last updated on 2021-09-19 11:50:19 CEST.

Flavor Version Tinstall Tcheck Ttotal Status Flags
r-devel-linux-x86_64-debian-clang 0.0.0.3 5.10 56.48 61.58 OK
r-devel-linux-x86_64-debian-gcc 0.0.0.3 3.88 41.97 45.85 OK
r-devel-linux-x86_64-fedora-clang 0.0.0.3 82.86 OK
r-devel-linux-x86_64-fedora-gcc 0.0.0.3 70.13 OK
r-devel-windows-x86_64 0.0.0.3 7.00 59.00 66.00 OK
r-devel-windows-x86_64-gcc10-UCRT 0.0.0.3 ERROR
r-patched-linux-x86_64 0.0.0.3 5.10 52.24 57.34 OK
r-patched-solaris-x86 0.0.0.3 102.80 OK
r-release-linux-x86_64 0.0.0.3 4.74 52.69 57.43 OK
r-release-macos-arm64 0.0.0.3 OK
r-release-macos-x86_64 0.0.0.3 OK
r-release-windows-ix86+x86_64 0.0.0.3 14.00 80.00 94.00 OK
r-oldrel-macos-x86_64 0.0.0.3 OK
r-oldrel-windows-ix86+x86_64 0.0.0.3 14.00 78.00 92.00 OK

Check Details

Version: 0.0.0.3
Check: whether package can be installed
Result: WARN
    Found the following significant warnings:
     WARNING: installation-time patches will not be applied, could not get the patches index
Flavor: r-devel-windows-x86_64-gcc10-UCRT

Version: 0.0.0.3
Check: PDF version of manual
Result: WARN
    LaTeX errors when creating PDF version.
    This typically indicates Rd problems.
Flavor: r-devel-windows-x86_64-gcc10-UCRT

Version: 0.0.0.3
Check: PDF version of manual without hyperrefs or index
Result: ERROR
    Re-running with no redirection of stdout/stderr.
Flavor: r-devel-windows-x86_64-gcc10-UCRT