CRAN Package Check Results for Package RootsExtremaInflections

Last updated on 2024-05-21 13:52:50 CEST.

Flavor Version Tinstall Tcheck Ttotal Status Flags
r-devel-linux-x86_64-debian-clang 1.2.1 3.54 47.18 50.72 NOTE
r-devel-linux-x86_64-debian-gcc 1.2.1 4.00 34.74 38.74 NOTE
r-devel-linux-x86_64-fedora-clang 1.2.1 63.15 NOTE
r-devel-linux-x86_64-fedora-gcc 1.2.1 60.97 NOTE
r-devel-windows-x86_64 1.2.1 5.00 57.00 62.00 NOTE
r-patched-linux-x86_64 1.2.1 5.65 43.83 49.48 NOTE
r-release-linux-x86_64 1.2.1 5.17 45.40 50.57 NOTE
r-release-macos-arm64 1.2.1 21.00 NOTE
r-release-windows-x86_64 1.2.1 6.00 59.00 65.00 NOTE
r-oldrel-macos-arm64 1.2.1 24.00 OK
r-oldrel-macos-x86_64 1.2.1 35.00 OK
r-oldrel-windows-x86_64 1.2.1 6.00 63.00 69.00 OK

Check Details

Version: 1.2.1
Check: Rd files
Result: NOTE checkRd: (-1) classify_curve.Rd:26: Lost braces in \enumerate; \value handles \item{}{} directly checkRd: (-1) classify_curve.Rd:27: Lost braces in \enumerate; \value handles \item{}{} directly checkRd: (-1) classify_curve.Rd:28: Lost braces in \enumerate; \value handles \item{}{} directly checkRd: (-1) classify_curve.Rd:29: Lost braces in \enumerate; \value handles \item{}{} directly checkRd: (-1) classify_curve.Rd:30: Lost braces in \enumerate; \value handles \item{}{} directly checkRd: (-1) classify_curve.Rd:31: Lost braces in \enumerate; \value handles \item{}{} directly checkRd: (-1) findextreme.Rd:34: Lost braces in \enumerate; \value handles \item{}{} directly checkRd: (-1) findextreme.Rd:35: Lost braces in \enumerate; \value handles \item{}{} directly checkRd: (-1) findextreme.Rd:36: Lost braces in \enumerate; \value handles \item{}{} directly checkRd: (-1) findextreme.Rd:37-38: Lost braces in \enumerate; \value handles \item{}{} directly checkRd: (-1) findmaxbell.Rd:29: Lost braces in \enumerate; \value handles \item{}{} directly checkRd: (-1) findmaxbell.Rd:30: Lost braces in \enumerate; \value handles \item{}{} directly checkRd: (-1) findmaxbell.Rd:31: Lost braces in \enumerate; \value handles \item{}{} directly checkRd: (-1) findmaxtulip.Rd:29: Lost braces in \enumerate; \value handles \item{}{} directly checkRd: (-1) findmaxtulip.Rd:30: Lost braces in \enumerate; \value handles \item{}{} directly checkRd: (-1) findmaxtulip.Rd:31: Lost braces in \enumerate; \value handles \item{}{} directly checkRd: (-1) findroot.Rd:34: Lost braces in \enumerate; \value handles \item{}{} directly checkRd: (-1) findroot.Rd:35: Lost braces in \enumerate; \value handles \item{}{} directly checkRd: (-1) findroot.Rd:36: Lost braces in \enumerate; \value handles \item{}{} directly checkRd: (-1) findroot.Rd:37-38: Lost braces in \enumerate; \value handles \item{}{} directly checkRd: (-1) scan_curve.Rd:42-55: Lost braces in \enumerate; \value handles \item{}{} directly checkRd: (-1) scan_curve.Rd:44: Lost braces in \itemize; \value handles \item{}{} directly checkRd: (-1) scan_curve.Rd:45: Lost braces in \itemize; \value handles \item{}{} directly checkRd: (-1) scan_curve.Rd:46: Lost braces in \itemize; \value handles \item{}{} directly checkRd: (-1) scan_curve.Rd:47: Lost braces in \itemize; \value handles \item{}{} directly checkRd: (-1) scan_curve.Rd:48: Lost braces in \itemize; \value handles \item{}{} directly checkRd: (-1) scan_curve.Rd:49: Lost braces in \itemize; \value handles \item{}{} directly checkRd: (-1) scan_curve.Rd:50: Lost braces in \itemize; \value handles \item{}{} directly checkRd: (-1) scan_curve.Rd:51: Lost braces in \itemize; \value handles \item{}{} directly checkRd: (-1) scan_curve.Rd:52: Lost braces in \itemize; \value handles \item{}{} directly checkRd: (-1) scan_curve.Rd:53: Lost braces in \itemize; \value handles \item{}{} directly checkRd: (-1) scan_curve.Rd:56-64: Lost braces in \enumerate; \value handles \item{}{} directly checkRd: (-1) scan_curve.Rd:58: Lost braces in \itemize; \value handles \item{}{} directly checkRd: (-1) scan_curve.Rd:59: Lost braces in \itemize; \value handles \item{}{} directly checkRd: (-1) scan_curve.Rd:60: Lost braces in \itemize; \value handles \item{}{} directly checkRd: (-1) scan_curve.Rd:61-62: Lost braces in \itemize; \value handles \item{}{} directly checkRd: (-1) scan_curve.Rd:65-73: Lost braces in \enumerate; \value handles \item{}{} directly checkRd: (-1) scan_curve.Rd:67: Lost braces in \itemize; \value handles \item{}{} directly checkRd: (-1) scan_curve.Rd:68: Lost braces in \itemize; \value handles \item{}{} directly checkRd: (-1) scan_curve.Rd:69: Lost braces in \itemize; \value handles \item{}{} directly checkRd: (-1) scan_curve.Rd:70-71: Lost braces in \itemize; \value handles \item{}{} directly checkRd: (-1) scan_curve.Rd:74-82: Lost braces in \enumerate; \value handles \item{}{} directly checkRd: (-1) scan_curve.Rd:76: Lost braces in \itemize; \value handles \item{}{} directly checkRd: (-1) scan_curve.Rd:77: Lost braces in \itemize; \value handles \item{}{} directly checkRd: (-1) scan_curve.Rd:78: Lost braces in \itemize; \value handles \item{}{} directly checkRd: (-1) scan_curve.Rd:79-80: Lost braces in \itemize; \value handles \item{}{} directly checkRd: (-1) scan_noisy_curve.Rd:44-53: Lost braces in \enumerate; \value handles \item{}{} directly checkRd: (-1) scan_noisy_curve.Rd:46: Lost braces in \itemize; \value handles \item{}{} directly checkRd: (-1) scan_noisy_curve.Rd:47: Lost braces in \itemize; \value handles \item{}{} directly checkRd: (-1) scan_noisy_curve.Rd:48: Lost braces in \itemize; \value handles \item{}{} directly checkRd: (-1) scan_noisy_curve.Rd:49: Lost braces in \itemize; \value handles \item{}{} directly checkRd: (-1) scan_noisy_curve.Rd:50: Lost braces in \itemize; \value handles \item{}{} directly checkRd: (-1) scan_noisy_curve.Rd:51: Lost braces in \itemize; \value handles \item{}{} directly checkRd: (-1) scan_noisy_curve.Rd:54-62: Lost braces in \enumerate; \value handles \item{}{} directly checkRd: (-1) scan_noisy_curve.Rd:56: Lost braces in \itemize; \value handles \item{}{} directly checkRd: (-1) scan_noisy_curve.Rd:57: Lost braces in \itemize; \value handles \item{}{} directly checkRd: (-1) scan_noisy_curve.Rd:58: Lost braces in \itemize; \value handles \item{}{} directly checkRd: (-1) scan_noisy_curve.Rd:59-60: Lost braces in \itemize; \value handles \item{}{} directly checkRd: (-1) scan_noisy_curve.Rd:63-71: Lost braces in \enumerate; \value handles \item{}{} directly checkRd: (-1) scan_noisy_curve.Rd:65: Lost braces in \itemize; \value handles \item{}{} directly checkRd: (-1) scan_noisy_curve.Rd:66: Lost braces in \itemize; \value handles \item{}{} directly checkRd: (-1) scan_noisy_curve.Rd:67: Lost braces in \itemize; \value handles \item{}{} directly checkRd: (-1) scan_noisy_curve.Rd:68-69: Lost braces in \itemize; \value handles \item{}{} directly checkRd: (-1) scan_noisy_curve.Rd:72-80: Lost braces in \enumerate; \value handles \item{}{} directly checkRd: (-1) scan_noisy_curve.Rd:74: Lost braces in \itemize; \value handles \item{}{} directly checkRd: (-1) scan_noisy_curve.Rd:75: Lost braces in \itemize; \value handles \item{}{} directly checkRd: (-1) scan_noisy_curve.Rd:76: Lost braces in \itemize; \value handles \item{}{} directly checkRd: (-1) scan_noisy_curve.Rd:77-78: Lost braces in \itemize; \value handles \item{}{} directly checkRd: (-1) scan_noisy_curve.Rd:81-89: Lost braces in \enumerate; \value handles \item{}{} directly checkRd: (-1) scan_noisy_curve.Rd:83: Lost braces in \itemize; \value handles \item{}{} directly checkRd: (-1) scan_noisy_curve.Rd:84: Lost braces in \itemize; \value handles \item{}{} directly checkRd: (-1) scan_noisy_curve.Rd:85: Lost braces in \itemize; \value handles \item{}{} directly checkRd: (-1) scan_noisy_curve.Rd:86-87: Lost braces in \itemize; \value handles \item{}{} directly checkRd: (-1) symextreme.Rd:32: Lost braces in \enumerate; \value handles \item{}{} directly checkRd: (-1) symextreme.Rd:33: Lost braces in \enumerate; \value handles \item{}{} directly checkRd: (-1) symextreme.Rd:34-40: Lost braces in \enumerate; \value handles \item{}{} directly checkRd: (-1) symextreme.Rd:36: Lost braces in \itemize; \value handles \item{}{} directly checkRd: (-1) symextreme.Rd:37: Lost braces in \itemize; \value handles \item{}{} directly checkRd: (-1) symextreme.Rd:38: Lost braces in \itemize; \value handles \item{}{} directly Flavors: r-devel-linux-x86_64-debian-clang, r-devel-linux-x86_64-debian-gcc, r-devel-linux-x86_64-fedora-clang, r-devel-linux-x86_64-fedora-gcc, r-devel-windows-x86_64, r-patched-linux-x86_64, r-release-linux-x86_64, r-release-macos-arm64, r-release-windows-x86_64