CRAN Package Check Results for Package RobinHood

Last updated on 2021-06-23 02:51:06 CEST.

Flavor Version Tinstall Tcheck Ttotal Status Flags
r-devel-linux-x86_64-debian-clang 1.6 5.43 45.27 50.70 OK
r-devel-linux-x86_64-debian-gcc 1.6 4.73 34.72 39.45 OK
r-devel-linux-x86_64-fedora-clang 1.6 68.92 OK
r-devel-linux-x86_64-fedora-gcc 1.6 60.23 OK
r-devel-windows-x86_64 1.6 9.00 61.00 70.00 OK
r-devel-windows-x86_64-gcc10-UCRT 1.6 ERROR
r-patched-linux-x86_64 1.6 6.62 43.23 49.85 OK
r-patched-solaris-x86 1.6 79.60 OK
r-release-linux-x86_64 1.6 5.16 43.18 48.34 OK
r-release-macos-arm64 1.6 OK
r-release-macos-x86_64 1.6 OK
r-release-windows-ix86+x86_64 1.6 9.00 49.00 58.00 OK
r-oldrel-macos-x86_64 1.6 OK

Check Details

Version: 1.6
Check: package dependencies
Result: ERROR
    Package required but not available: 'httr'
    
    See section 'The DESCRIPTION file' in the 'Writing R Extensions'
    manual.
Flavor: r-devel-windows-x86_64-gcc10-UCRT