CRAN Package Check Results for Package RobStatTM

Last updated on 2021-09-17 19:52:18 CEST.

Flavor Version Tinstall Tcheck Ttotal Status Flags
r-devel-linux-x86_64-debian-clang 1.0.2 14.76 86.49 101.25 OK
r-devel-linux-x86_64-debian-gcc 1.0.2 12.74 64.87 77.61 OK
r-devel-linux-x86_64-fedora-clang 1.0.2 131.19 NOTE
r-devel-linux-x86_64-fedora-gcc 1.0.2 129.17 NOTE
r-devel-windows-x86_64 1.0.2 21.00 80.00 101.00 OK
r-devel-windows-x86_64-gcc10-UCRT 1.0.2 NOTE
r-patched-linux-x86_64 1.0.2 20.44 83.67 104.11 OK
r-patched-solaris-x86 1.0.2 155.50 NOTE
r-release-linux-x86_64 1.0.2 12.66 83.64 96.30 OK
r-release-macos-arm64 1.0.2 NOTE
r-release-macos-x86_64 1.0.2 NOTE
r-release-windows-ix86+x86_64 1.0.2 31.00 134.00 165.00 OK
r-oldrel-macos-x86_64 1.0.2 NOTE
r-oldrel-windows-ix86+x86_64 1.0.2 32.00 134.00 166.00 OK

Check Details

Version: 1.0.2
Check: dependencies in R code
Result: NOTE
    Namespaces in Imports field not imported from:
     ‘DEoptimR’ ‘DT’ ‘PerformanceAnalytics’ ‘ggplot2’ ‘graphics’
     ‘gridExtra’ ‘methods’ ‘shinyjs’ ‘utils’ ‘xts’
     All declared Imports should be used.
Flavors: r-devel-linux-x86_64-fedora-clang, r-devel-linux-x86_64-fedora-gcc, r-devel-windows-x86_64-gcc10-UCRT, r-patched-solaris-x86, r-release-macos-arm64, r-release-macos-x86_64, r-oldrel-macos-x86_64