CRAN Package Check Results for Package RobKF

Last updated on 2024-02-29 14:54:18 CET.

Flavor Version Tinstall Tcheck Ttotal Status Flags
r-devel-linux-x86_64-debian-clang 1.0.2 349.72 104.26 453.98 OK
r-devel-linux-x86_64-debian-gcc 1.0.2 272.72 86.74 359.46 OK
r-devel-linux-x86_64-fedora-clang 1.0.2 715.42 OK
r-devel-linux-x86_64-fedora-gcc 1.0.2 665.69 OK
r-devel-windows-x86_64 1.0.2 272.00 123.00 395.00 OK
r-patched-linux-x86_64 1.0.2 335.98 110.21 446.19 OK
r-release-linux-x86_64 1.0.2 330.66 109.34 440.00 OK
r-release-macos-arm64 1.0.2 152.00 NOTE
r-release-macos-x86_64 1.0.2 254.00 NOTE
r-release-windows-x86_64 1.0.2 342.00 141.00 483.00 OK
r-oldrel-macos-arm64 1.0.2 131.00 NOTE
r-oldrel-windows-x86_64 1.0.2 309.00 133.00 442.00 OK

Check Details

Version: 1.0.2
Check: installed package size
Result: NOTE installed size is 22.1Mb sub-directories of 1Mb or more: libs 21.9Mb Flavors: r-release-macos-arm64, r-release-macos-x86_64, r-oldrel-macos-arm64