Last updated on 2023-03-22 05:52:37 CET.
Flavor | Version | Tinstall | Tcheck | Ttotal | Status | Flags |
---|---|---|---|---|---|---|
r-devel-linux-x86_64-debian-clang | 1.0.2 | 348.18 | 106.71 | 454.89 | OK | |
r-devel-linux-x86_64-debian-gcc | 1.0.2 | 268.39 | 88.53 | 356.92 | OK | |
r-devel-linux-x86_64-fedora-clang | 1.0.2 | 673.40 | OK | |||
r-devel-linux-x86_64-fedora-gcc | 1.0.2 | 610.03 | OK | |||
r-devel-windows-x86_64 | 1.0.2 | 348.00 | 161.00 | 509.00 | OK | |
r-patched-linux-x86_64 | 1.0.2 | 252.24 | 106.24 | 358.48 | OK | |
r-release-linux-x86_64 | 1.0.2 | 261.88 | 107.91 | 369.79 | OK | |
r-release-macos-arm64 | 1.0.2 | 131.00 | NOTE | |||
r-release-macos-x86_64 | 1.0.2 | 240.00 | NOTE | |||
r-release-windows-x86_64 | 1.0.2 | 228.00 | 164.00 | 392.00 | OK | |
r-oldrel-macos-arm64 | 1.0.2 | 140.00 | NOTE | |||
r-oldrel-macos-x86_64 | 1.0.2 | 159.00 | NOTE | |||
r-oldrel-windows-ix86+x86_64 | 1.0.2 | 782.00 | 185.00 | 967.00 | OK |
Version: 1.0.2
Check: installed package size
Result: NOTE
installed size is 22.0Mb
sub-directories of 1Mb or more:
libs 21.8Mb
Flavors: r-release-macos-arm64, r-release-macos-x86_64, r-oldrel-macos-arm64, r-oldrel-macos-x86_64