CRAN Package Check Results for Package Rnmr1D

Last updated on 2020-06-01 06:48:36 CEST.

Flavor Version Tinstall Tcheck Ttotal Status Flags
r-devel-linux-x86_64-debian-clang 1.2.5 40.19 147.19 187.38 OK
r-devel-linux-x86_64-debian-gcc 1.2.5 30.81 111.30 142.11 OK
r-devel-linux-x86_64-fedora-clang 1.2.5 233.93 NOTE
r-devel-linux-x86_64-fedora-gcc 1.2.5 225.30 NOTE
r-devel-windows-ix86+x86_64 1.2.5 94.00 368.00 462.00 OK
r-patched-linux-x86_64 1.2.5 35.63 144.82 180.45 OK
r-patched-solaris-x86 1.2.5 528.20 NOTE
r-release-linux-x86_64 1.2.5 38.71 144.93 183.64 OK
r-release-osx-x86_64 1.2.5 NOTE
r-release-windows-ix86+x86_64 1.2.5 77.00 320.00 397.00 OK
r-oldrel-osx-x86_64 1.2.5 WARN
r-oldrel-windows-ix86+x86_64 1.2.5 72.00 308.00 380.00 OK

Check Details

Version: 1.2.5
Check: dependencies in R code
Result: NOTE
    Namespace in Imports field not imported from: ‘impute’
     All declared Imports should be used.
Flavors: r-devel-linux-x86_64-fedora-clang, r-devel-linux-x86_64-fedora-gcc, r-patched-solaris-x86, r-release-osx-x86_64, r-oldrel-osx-x86_64

Version: 1.2.5
Check: for executable files
Result: WARN
    Found the following executable files:
     inst/extra/CD_BBI_16P02/CD_BBI_16P02-R1/10/fid
     inst/extra/CD_BBI_16P02/CD_BBI_16P02-R2/10/fid
     inst/extra/CD_BBI_16P02/CD_BBI_16P02-R3/10/fid
     inst/extra/CD_BBI_16P02/CD_BBI_16P02-R8/10/fid
    Source packages should not contain undeclared executable files.
    See section ‘Package structure’ in the ‘Writing R Extensions’ manual.
Flavor: r-oldrel-osx-x86_64