CRAN Package Check Results for Package Rmst

Last updated on 2020-05-28 02:47:47 CEST.

Flavor Version Tinstall Tcheck Ttotal Status Flags
r-devel-linux-x86_64-debian-clang 0.0.3 5.80 42.76 48.56 OK
r-devel-linux-x86_64-debian-gcc 0.0.3 4.62 33.20 37.82 OK
r-devel-linux-x86_64-fedora-clang 0.0.3 61.89 NOTE
r-devel-linux-x86_64-fedora-gcc 0.0.3 57.04 NOTE
r-devel-windows-ix86+x86_64 0.0.3 22.00 82.00 104.00 OK
r-patched-linux-x86_64 0.0.3 5.63 41.97 47.60 OK
r-patched-solaris-x86 0.0.3 86.70 NOTE
r-release-linux-x86_64 0.0.3 4.82 41.96 46.78 OK
r-release-osx-x86_64 0.0.3 NOTE
r-release-windows-ix86+x86_64 0.0.3 18.00 81.00 99.00 OK
r-oldrel-osx-x86_64 0.0.3 NOTE
r-oldrel-windows-ix86+x86_64 0.0.3 12.00 56.00 68.00 OK

Check Details

Version: 0.0.3
Check: dependencies in R code
Result: NOTE
    Namespace in Imports field not imported from: ‘reshape2’
     All declared Imports should be used.
Flavors: r-devel-linux-x86_64-fedora-clang, r-devel-linux-x86_64-fedora-gcc, r-patched-solaris-x86, r-release-osx-x86_64, r-oldrel-osx-x86_64