CRAN Package Check Results for Package RmecabKo

Last updated on 2023-10-01 16:56:10 CEST.

Flavor Version Tinstall Tcheck Ttotal Status Flags
r-devel-linux-x86_64-debian-clang 0.1.6.2 45.41 36.51 81.92 NOTE
r-devel-linux-x86_64-debian-gcc 0.1.6.2 31.28 27.89 59.17 NOTE
r-devel-linux-x86_64-fedora-clang 0.1.6.2 109.18 NOTE
r-devel-linux-x86_64-fedora-gcc 0.1.6.2 109.57 NOTE
r-devel-windows-x86_64 0.1.6.2 33.00 70.00 103.00 NOTE
r-patched-linux-x86_64 0.1.6.2 47.70 35.10 82.80 NOTE
r-release-linux-x86_64 0.1.6.2 39.57 35.30 74.87 NOTE
r-release-macos-arm64 0.1.6.2 11.00 ERROR
r-release-macos-x86_64 0.1.6.2 41.00 ERROR
r-release-windows-x86_64 0.1.6.2 41.00 77.00 118.00 NOTE
r-oldrel-macos-arm64 0.1.6.2 13.00 ERROR
r-oldrel-macos-x86_64 0.1.6.2 21.00 ERROR
r-oldrel-windows-x86_64 0.1.6.2 38.00 76.00 114.00 NOTE

Check Details

Version: 0.1.6.2
Check: LazyData
Result: NOTE
     'LazyData' is specified without a 'data' directory
Flavors: r-devel-linux-x86_64-debian-clang, r-devel-linux-x86_64-debian-gcc, r-devel-linux-x86_64-fedora-clang, r-devel-linux-x86_64-fedora-gcc, r-devel-windows-x86_64, r-patched-linux-x86_64, r-release-linux-x86_64, r-release-windows-x86_64, r-oldrel-windows-x86_64

Version: 0.1.6.2
Check: whether package can be installed
Result: ERROR
    Installation failed.
Flavors: r-release-macos-arm64, r-release-macos-x86_64, r-oldrel-macos-arm64, r-oldrel-macos-x86_64