CRAN Package Check Results for Package Rmalschains

Last updated on 2020-05-28 02:47:47 CEST.

Flavor Version Tinstall Tcheck Ttotal Status Flags
r-devel-linux-x86_64-debian-clang 0.2-6 120.92 26.30 147.22 OK
r-devel-linux-x86_64-debian-gcc 0.2-6 90.17 20.88 111.05 OK
r-devel-linux-x86_64-fedora-clang 0.2-6 248.83 NOTE
r-devel-linux-x86_64-fedora-gcc 0.2-6 171.43 OK
r-devel-windows-ix86+x86_64 0.2-6 337.00 94.00 431.00 OK
r-patched-linux-x86_64 0.2-6 88.93 26.33 115.26 OK
r-patched-solaris-x86 0.2-6 175.60 OK
r-release-linux-x86_64 0.2-6 90.32 26.38 116.70 OK
r-release-osx-x86_64 0.2-6 NOTE
r-release-windows-ix86+x86_64 0.2-6 281.00 78.00 359.00 OK
r-oldrel-osx-x86_64 0.2-6 NOTE
r-oldrel-windows-ix86+x86_64 0.2-6 338.00 72.00 410.00 OK

Check Details

Version: 0.2-6
Check: installed package size
Result: NOTE
     installed size is 8.1Mb
     sub-directories of 1Mb or more:
     libs 7.9Mb
Flavors: r-devel-linux-x86_64-fedora-clang, r-release-osx-x86_64, r-oldrel-osx-x86_64