CRAN Package Check Results for Package Rmagic

Last updated on 2020-06-01 06:48:35 CEST.

Flavor Version Tinstall Tcheck Ttotal Status Flags
r-devel-linux-x86_64-debian-clang 2.0.3 9.83 98.71 108.54 OK
r-devel-linux-x86_64-debian-gcc 2.0.3 8.97 77.21 86.18 OK
r-devel-linux-x86_64-fedora-clang 2.0.3 140.50 OK
r-devel-linux-x86_64-fedora-gcc 2.0.3 128.13 OK
r-devel-windows-ix86+x86_64 2.0.3 23.00 7.00 30.00 ERROR
r-patched-linux-x86_64 2.0.3 11.22 98.51 109.73 OK
r-patched-solaris-x86 2.0.3 173.60 OK
r-release-linux-x86_64 2.0.3 10.84 96.87 107.71 OK
r-release-osx-x86_64 2.0.3 OK
r-release-windows-ix86+x86_64 2.0.3 19.00 8.00 27.00 ERROR
r-oldrel-osx-x86_64 2.0.3 OK
r-oldrel-windows-ix86+x86_64 2.0.3 16.00 6.00 22.00 ERROR

Check Details

Version: 2.0.3
Check: whether package can be installed
Result: ERROR
    Installation failed.
Flavors: r-devel-windows-ix86+x86_64, r-release-windows-ix86+x86_64, r-oldrel-windows-ix86+x86_64