CRAN Package Check Results for Package Rlinsolve

Last updated on 2021-12-05 23:52:25 CET.

Flavor Version Tinstall Tcheck Ttotal Status Flags
r-devel-linux-x86_64-debian-clang 0.3.2 312.86 80.03 392.89 OK
r-devel-linux-x86_64-debian-gcc 0.3.2 220.41 63.56 283.97 OK
r-devel-linux-x86_64-fedora-clang 0.3.2 581.09 NOTE
r-devel-linux-x86_64-fedora-gcc 0.3.2 497.06 OK
r-devel-windows-x86_64-new-UL 0.3.2 324.00 141.00 465.00 OK
r-devel-windows-x86_64-new-TK 0.3.2 OK
r-devel-windows-x86_64-old 0.3.2 336.00 83.00 419.00 OK
r-patched-linux-x86_64 0.3.2 254.27 69.35 323.62 OK
r-release-linux-x86_64 0.3.2 250.18 78.18 328.36 OK
r-release-macos-arm64 0.3.2 NOTE
r-release-macos-x86_64 0.3.2 NOTE
r-release-windows-ix86+x86_64 0.3.2 671.00 144.00 815.00 OK
r-oldrel-macos-x86_64 0.3.2 NOTE
r-oldrel-windows-ix86+x86_64 0.3.2 661.00 151.00 812.00 OK

Check Details

Version: 0.3.2
Check: installed package size
Result: NOTE
     installed size is 20.7Mb
     sub-directories of 1Mb or more:
     libs 20.5Mb
Flavors: r-devel-linux-x86_64-fedora-clang, r-release-macos-arm64, r-release-macos-x86_64, r-oldrel-macos-x86_64