CRAN Package Check Results for Package Rlinkedin

Last updated on 2022-05-22 19:50:34 CEST.

Flavor Version Tinstall Tcheck Ttotal Status Flags
r-devel-linux-x86_64-debian-clang 0.2 6.06 56.25 62.31 NOTE
r-devel-linux-x86_64-debian-gcc 0.2 2.89 43.43 46.32 NOTE
r-devel-linux-x86_64-fedora-clang 0.2 74.53 NOTE
r-devel-linux-x86_64-fedora-gcc 0.2 76.86 NOTE
r-devel-windows-x86_64 0.2 26.00 79.00 105.00 NOTE
r-patched-linux-x86_64 0.2 5.23 55.65 60.88 NOTE
r-release-linux-x86_64 0.2 5.72 53.53 59.25 NOTE
r-release-macos-arm64 0.2 23.00 NOTE
r-release-macos-x86_64 0.2 33.00 NOTE
r-release-windows-x86_64 0.2 26.00 80.00 106.00 NOTE
r-oldrel-macos-arm64 0.2 25.00 NOTE
r-oldrel-macos-x86_64 0.2 36.00 NOTE
r-oldrel-windows-ix86+x86_64 0.2 13.00 72.00 85.00 NOTE

Check Details

Version: 0.2
Check: LazyData
Result: NOTE
     'LazyData' is specified without a 'data' directory
Flavors: r-devel-linux-x86_64-debian-clang, r-devel-linux-x86_64-debian-gcc, r-devel-linux-x86_64-fedora-clang, r-devel-linux-x86_64-fedora-gcc, r-devel-windows-x86_64, r-patched-linux-x86_64, r-release-linux-x86_64, r-release-macos-arm64, r-release-macos-x86_64, r-release-windows-x86_64, r-oldrel-macos-arm64, r-oldrel-macos-x86_64, r-oldrel-windows-ix86+x86_64