CRAN Package Check Results for Package Rlda

Last updated on 2021-11-26 23:50:13 CET.

Flavor Version Tinstall Tcheck Ttotal Status Flags
r-devel-linux-x86_64-debian-clang 0.2.6 130.34 47.45 177.79 OK
r-devel-linux-x86_64-debian-gcc 0.2.6 94.46 36.77 131.23 OK
r-devel-linux-x86_64-fedora-clang 0.2.6 274.25 NOTE
r-devel-linux-x86_64-fedora-gcc 0.2.6 242.68 OK
r-devel-windows-x86_64-new-UL 0.2.6 163.00 113.00 276.00 OK
r-devel-windows-x86_64-new-TK 0.2.6 OK
r-devel-windows-x86_64-old 0.2.6 121.00 64.00 185.00 OK
r-patched-linux-x86_64 0.2.6 119.59 45.48 165.07 OK
r-patched-solaris-x86 0.2.6 223.70 OK
r-release-linux-x86_64 0.2.6 OK
r-release-macos-arm64 0.2.6 NOTE
r-release-macos-x86_64 0.2.6 NOTE
r-release-windows-ix86+x86_64 0.2.6 310.00 106.00 416.00 OK
r-oldrel-macos-x86_64 0.2.6 NOTE
r-oldrel-windows-ix86+x86_64 0.2.6 224.00 100.00 324.00 OK

Check Details

Version: 0.2.6
Check: installed package size
Result: NOTE
     installed size is 6.9Mb
     sub-directories of 1Mb or more:
     libs 5.9Mb
Flavors: r-devel-linux-x86_64-fedora-clang, r-release-macos-arm64, r-release-macos-x86_64, r-oldrel-macos-x86_64