Last updated on 2022-08-13 03:52:21 CEST.
Flavor | Version | Tinstall | Tcheck | Ttotal | Status | Flags |
---|---|---|---|---|---|---|
r-devel-linux-x86_64-debian-clang | 2.1.7 | 3.39 | 47.40 | 50.79 | OK | |
r-devel-linux-x86_64-debian-gcc | 2.1.7 | 2.73 | 33.79 | 36.52 | OK | |
r-devel-linux-x86_64-fedora-clang | 2.1.7 | 70.46 | NOTE | |||
r-devel-linux-x86_64-fedora-gcc | 2.1.7 | 67.84 | NOTE | |||
r-devel-windows-x86_64 | 2.1.7 | 46.00 | 73.00 | 119.00 | OK | |
r-patched-linux-x86_64 | 2.1.7 | 2.52 | 43.30 | 45.82 | OK | |
r-release-linux-x86_64 | 2.1.7 | 2.23 | 43.49 | 45.72 | OK | |
r-release-macos-arm64 | 2.1.7 | 21.00 | NOTE | |||
r-release-macos-x86_64 | 2.1.7 | 33.00 | NOTE | |||
r-release-windows-x86_64 | 2.1.7 | 31.00 | 66.00 | 97.00 | OK | |
r-oldrel-macos-arm64 | 2.1.7 | 22.00 | NOTE | |||
r-oldrel-macos-x86_64 | 2.1.7 | 40.00 | NOTE | |||
r-oldrel-windows-ix86+x86_64 | 2.1.7 | 8.00 | 63.00 | 71.00 | OK |
Version: 2.1.7
Check: dependencies in R code
Result: NOTE
Namespace in Imports field not imported from: ‘MASS’
All declared Imports should be used.
Flavors: r-devel-linux-x86_64-fedora-clang, r-devel-linux-x86_64-fedora-gcc, r-release-macos-arm64, r-release-macos-x86_64, r-oldrel-macos-arm64, r-oldrel-macos-x86_64