CRAN Package Check Results for Package Rinstapkg

Last updated on 2020-07-04 20:47:36 CEST.

Flavor Version Tinstall Tcheck Ttotal Status Flags
r-devel-linux-x86_64-debian-clang 0.1.0 6.57 50.11 56.68 OK
r-devel-linux-x86_64-debian-gcc 0.1.0 5.00 39.30 44.30 OK
r-devel-linux-x86_64-fedora-clang 0.1.0 76.29 NOTE
r-devel-linux-x86_64-fedora-gcc 0.1.0 67.30 NOTE
r-devel-windows-ix86+x86_64 0.1.0 20.00 103.00 123.00 OK
r-patched-linux-x86_64 0.1.0 6.74 49.59 56.33 OK
r-patched-solaris-x86 0.1.0 96.00 NOTE
r-release-linux-x86_64 0.1.0 6.23 49.30 55.53 OK
r-release-osx-x86_64 0.1.0 NOTE
r-release-windows-ix86+x86_64 0.1.0 15.00 66.00 81.00 OK
r-oldrel-osx-x86_64 0.1.0 NOTE
r-oldrel-windows-ix86+x86_64 0.1.0 35.00 83.00 118.00 OK

Check Details

Version: 0.1.0
Check: dependencies in R code
Result: NOTE
    Namespaces in Imports field not imported from:
     ‘methods’ ‘readr’
     All declared Imports should be used.
Flavors: r-devel-linux-x86_64-fedora-clang, r-devel-linux-x86_64-fedora-gcc, r-patched-solaris-x86, r-release-osx-x86_64, r-oldrel-osx-x86_64