CRAN Package Check Results for Package Rinstapkg

Last updated on 2019-11-21 18:48:26 CET.

Flavor Version Tinstall Tcheck Ttotal Status Flags
r-devel-linux-x86_64-debian-clang 0.1.0 5.66 46.92 52.58 OK
r-devel-linux-x86_64-debian-gcc 0.1.0 4.91 37.08 41.99 OK
r-devel-linux-x86_64-fedora-clang 0.1.0 63.25 NOTE
r-devel-linux-x86_64-fedora-gcc 0.1.0 62.61 NOTE
r-devel-windows-ix86+x86_64 0.1.0 22.00 102.00 124.00 OK
r-devel-windows-ix86+x86_64-gcc8 0.1.0 14.00 66.00 80.00 OK
r-patched-linux-x86_64 0.1.0 5.51 43.41 48.92 OK
r-patched-solaris-x86 0.1.0 89.20 NOTE
r-release-linux-x86_64 0.1.0 5.46 43.24 48.70 OK
r-release-windows-ix86+x86_64 0.1.0 19.00 101.00 120.00 OK
r-release-osx-x86_64 0.1.0 NOTE
r-oldrel-windows-ix86+x86_64 0.1.0 9.00 98.00 107.00 OK
r-oldrel-osx-x86_64 0.1.0 NOTE

Check Details

Version: 0.1.0
Check: dependencies in R code
Result: NOTE
    Namespaces in Imports field not imported from:
     ‘methods’ ‘readr’
     All declared Imports should be used.
Flavors: r-devel-linux-x86_64-fedora-clang, r-devel-linux-x86_64-fedora-gcc, r-patched-solaris-x86, r-release-osx-x86_64, r-oldrel-osx-x86_64