CRAN Package Check Results for Package RiemBase

Last updated on 2021-12-05 23:52:25 CET.

Flavor Version Tinstall Tcheck Ttotal Status Flags
r-devel-linux-x86_64-debian-clang 0.2.5 46.43 39.48 85.91 OK
r-devel-linux-x86_64-debian-gcc 0.2.5 35.12 31.12 66.24 OK
r-devel-linux-x86_64-fedora-clang 0.2.5 129.52 OK
r-devel-linux-x86_64-fedora-gcc 0.2.5 110.40 OK
r-devel-windows-x86_64-new-UL 0.2.5 66.00 97.00 163.00 OK
r-devel-windows-x86_64-new-TK 0.2.5 OK
r-devel-windows-x86_64-old 0.2.5 62.00 48.00 110.00 OK
r-patched-linux-x86_64 0.2.5 44.08 30.14 74.22 OK
r-release-linux-x86_64 0.2.5 48.19 38.11 86.30 OK
r-release-macos-arm64 0.2.5 NOTE
r-release-macos-x86_64 0.2.5 NOTE
r-release-windows-ix86+x86_64 0.2.5 117.00 82.00 199.00 OK
r-oldrel-macos-x86_64 0.2.5 NOTE
r-oldrel-windows-ix86+x86_64 0.2.5 119.00 82.00 201.00 OK

Check Details

Version: 0.2.5
Check: installed package size
Result: NOTE
     installed size is 6.4Mb
     sub-directories of 1Mb or more:
     libs 6.2Mb
Flavors: r-release-macos-arm64, r-release-macos-x86_64, r-oldrel-macos-x86_64