CRAN Package Check Results for Package Rfssa

Last updated on 2021-11-26 23:50:12 CET.

Flavor Version Tinstall Tcheck Ttotal Status Flags
r-devel-linux-x86_64-debian-clang 1.0.0 101.03 136.07 237.10 OK
r-devel-linux-x86_64-debian-gcc 1.0.0 74.10 103.71 177.81 OK
r-devel-linux-x86_64-fedora-clang 1.0.0 329.00 NOTE
r-devel-linux-x86_64-fedora-gcc 1.0.0 301.45 NOTE
r-devel-windows-x86_64-new-UL 1.0.0 140.00 206.00 346.00 OK
r-devel-windows-x86_64-new-TK 1.0.0 NOTE
r-devel-windows-x86_64-old 1.0.0 125.00 135.00 260.00 OK
r-patched-linux-x86_64 1.0.0 86.79 128.66 215.45 OK
r-patched-solaris-x86 1.0.0 354.80 NOTE
r-release-linux-x86_64 1.0.0 OK
r-release-macos-arm64 1.0.0 NOTE
r-release-macos-x86_64 1.0.0 NOTE
r-release-windows-ix86+x86_64 1.0.0 252.00 229.00 481.00 OK
r-oldrel-macos-x86_64 1.0.0 NOTE
r-oldrel-windows-ix86+x86_64 1.0.0 251.00 224.00 475.00 OK

Check Details

Version: 1.0.0
Check: dependencies in R code
Result: NOTE
    Namespace in Imports field not imported from: ‘markdown’
     All declared Imports should be used.
Flavors: r-devel-linux-x86_64-fedora-clang, r-devel-linux-x86_64-fedora-gcc, r-devel-windows-x86_64-new-TK, r-patched-solaris-x86, r-release-macos-arm64, r-release-macos-x86_64, r-oldrel-macos-x86_64

Version: 1.0.0
Check: installed package size
Result: NOTE
     installed size is 5.1Mb
     sub-directories of 1Mb or more:
     data 2.1Mb
     libs 2.6Mb
Flavor: r-release-macos-arm64