CRAN Package Check Results for Package Rfast2

Last updated on 2021-11-26 21:52:40 CET.

Flavor Version Tinstall Tcheck Ttotal Status Flags
r-devel-linux-x86_64-debian-clang 0.1.1 484.34 65.36 549.70 OK
r-devel-linux-x86_64-debian-gcc 0.1.1 357.41 49.87 407.28 OK
r-devel-linux-x86_64-fedora-clang 0.1.1 888.16 NOTE
r-devel-linux-x86_64-fedora-gcc 0.1.1 770.59 OK
r-devel-windows-x86_64-new-UL 0.1.1 598.00 157.00 755.00 OK
r-devel-windows-x86_64-new-TK 0.1.1 OK
r-devel-windows-x86_64-old 0.1.1 441.00 108.00 549.00 OK
r-patched-linux-x86_64 0.1.1 435.03 64.10 499.13 OK
r-patched-solaris-x86 0.1.1 598.50 OK
r-release-linux-x86_64 0.1.1 OK
r-release-macos-arm64 0.1.1 NOTE
r-release-macos-x86_64 0.1.1 NOTE
r-release-windows-ix86+x86_64 0.1.1 1160.00 107.00 1267.00 NOTE
r-oldrel-macos-x86_64 0.1.1 NOTE
r-oldrel-windows-ix86+x86_64 0.1.1 843.00 130.00 973.00 NOTE

Check Details

Version: 0.1.1
Check: installed package size
Result: NOTE
     installed size is 23.7Mb
     sub-directories of 1Mb or more:
     libs 23.1Mb
Flavors: r-devel-linux-x86_64-fedora-clang, r-release-macos-arm64, r-release-macos-x86_64, r-release-windows-ix86+x86_64, r-oldrel-macos-x86_64, r-oldrel-windows-ix86+x86_64