CRAN Package Check Results for Package ReviewR

Last updated on 2022-09-27 14:53:39 CEST.

Flavor Version Tinstall Tcheck Ttotal Status Flags
r-devel-linux-x86_64-debian-clang 2.3.8 22.54 147.89 170.43 OK
r-devel-linux-x86_64-debian-gcc 2.3.8 18.06 109.01 127.07 OK
r-devel-linux-x86_64-fedora-clang 2.3.8 232.07 NOTE
r-devel-linux-x86_64-fedora-gcc 2.3.8 220.96 NOTE
r-devel-windows-x86_64 2.3.8 68.00 196.00 264.00 OK
r-patched-linux-x86_64 2.3.8 18.19 138.12 156.31 OK
r-release-linux-x86_64 2.3.8 16.26 141.06 157.32 OK
r-release-macos-arm64 2.3.8 65.00 NOTE
r-release-macos-x86_64 2.3.8 84.00 NOTE
r-release-windows-x86_64 2.3.8 79.00 190.00 269.00 OK
r-oldrel-macos-arm64 2.3.8 62.00 NOTE
r-oldrel-macos-x86_64 2.3.8 88.00 NOTE
r-oldrel-windows-ix86+x86_64 2.3.8 48.00 177.00 225.00 OK

Check Details

Version: 2.3.8
Check: package dependencies
Result: NOTE
    Imports includes 29 non-default packages.
    Importing from so many packages makes the package vulnerable to any of
    them becoming unavailable. Move as many as possible to Suggests and
    use conditionally.
Flavor: r-devel-linux-x86_64-fedora-clang

Version: 2.3.8
Check: data for non-ASCII characters
Result: NOTE
     Note: found 26 marked UTF-8 strings
Flavors: r-devel-linux-x86_64-fedora-clang, r-devel-linux-x86_64-fedora-gcc, r-release-macos-arm64, r-release-macos-x86_64, r-oldrel-macos-arm64, r-oldrel-macos-x86_64