Last updated on 2023-06-06 17:00:55 CEST.
Flavor | Version | Tinstall | Tcheck | Ttotal | Status | Flags |
---|---|---|---|---|---|---|
r-devel-linux-x86_64-debian-clang | 2.3.8 | 19.20 | 131.76 | 150.96 | OK | |
r-devel-linux-x86_64-debian-gcc | 2.3.8 | 17.09 | 99.96 | 117.05 | OK | |
r-devel-linux-x86_64-fedora-clang | 2.3.8 | 194.65 | NOTE | |||
r-devel-linux-x86_64-fedora-gcc | 2.3.8 | 204.99 | NOTE | |||
r-devel-windows-x86_64 | 2.3.8 | 18.00 | 120.00 | 138.00 | OK | |
r-patched-linux-x86_64 | 2.3.8 | 12.86 | 122.43 | 135.29 | OK | |
r-release-linux-x86_64 | 2.3.8 | 13.37 | 120.95 | 134.32 | OK | |
r-release-macos-arm64 | 2.3.8 | 73.00 | OK | |||
r-release-macos-x86_64 | 2.3.8 | 123.00 | OK | |||
r-release-windows-x86_64 | 2.3.8 | 25.00 | 137.00 | 162.00 | OK | |
r-oldrel-macos-arm64 | 2.3.8 | 65.00 | NOTE | |||
r-oldrel-macos-x86_64 | 2.3.8 | 84.00 | NOTE | |||
r-oldrel-windows-x86_64 | 2.3.8 | 24.00 | 145.00 | 169.00 | OK |
Version: 2.3.8
Check: package dependencies
Result: NOTE
Imports includes 29 non-default packages.
Importing from so many packages makes the package vulnerable to any of
them becoming unavailable. Move as many as possible to Suggests and
use conditionally.
Flavor: r-devel-linux-x86_64-fedora-clang
Version: 2.3.8
Check: data for non-ASCII characters
Result: NOTE
Note: found 26 marked UTF-8 strings
Flavors: r-devel-linux-x86_64-fedora-clang, r-devel-linux-x86_64-fedora-gcc, r-oldrel-macos-arm64, r-oldrel-macos-x86_64