CRAN Package Check Results for Package RevEcoR

Last updated on 2020-07-14 23:48:20 CEST.

Flavor Version Tinstall Tcheck Ttotal Status Flags
r-devel-linux-x86_64-debian-clang 0.99.3 10.88 90.05 100.93 OK
r-devel-linux-x86_64-debian-gcc 0.99.3 9.50 69.67 79.17 OK
r-devel-linux-x86_64-fedora-clang 0.99.3 135.16 OK
r-devel-linux-x86_64-fedora-gcc 0.99.3 124.93 OK
r-devel-windows-ix86+x86_64 0.99.3 29.00 127.00 156.00 OK
r-patched-linux-x86_64 0.99.3 11.07 86.54 97.61 OK
r-patched-solaris-x86 0.99.3 185.60 OK
r-release-linux-x86_64 0.99.3 11.39 87.83 99.22 OK
r-release-macos-x86_64 0.99.3 ERROR
r-release-windows-ix86+x86_64 0.99.3 28.00 131.00 159.00 OK
r-oldrel-macos-x86_64 0.99.3 OK
r-oldrel-windows-ix86+x86_64 0.99.3 23.00 123.00 146.00 OK

Check Details

Version: 0.99.3
Check: whether package can be installed
Result: ERROR
    Installation failed.
Flavor: r-release-macos-x86_64