Last updated on 2023-06-05 19:55:00 CEST.
Flavor | Version | Tinstall | Tcheck | Ttotal | Status | Flags |
---|---|---|---|---|---|---|
r-devel-linux-x86_64-debian-clang | 1.2.1 | 65.30 | 67.72 | 133.02 | NOTE | |
r-devel-linux-x86_64-debian-gcc | 1.2.1 | 56.73 | 52.60 | 109.33 | NOTE | |
r-devel-linux-x86_64-fedora-clang | 1.2.1 | 188.93 | NOTE | |||
r-devel-linux-x86_64-fedora-gcc | 1.2.1 | 199.95 | NOTE | |||
r-devel-windows-x86_64 | 1.2.1 | 54.00 | 101.00 | 155.00 | NOTE | |
r-patched-linux-x86_64 | 1.2.1 | 64.96 | 65.54 | 130.50 | NOTE | |
r-release-linux-x86_64 | 1.2.1 | 57.61 | 66.13 | 123.74 | NOTE | |
r-release-macos-arm64 | 1.2.1 | 65.00 | NOTE | |||
r-release-macos-x86_64 | 1.2.1 | 102.00 | NOTE | |||
r-release-windows-x86_64 | 1.2.1 | 51.00 | 117.00 | 168.00 | NOTE | |
r-oldrel-macos-arm64 | 1.2.1 | 56.00 | NOTE | |||
r-oldrel-macos-x86_64 | 1.2.1 | 66.00 | NOTE | |||
r-oldrel-windows-x86_64 | 1.2.1 | 66.00 | 112.00 | 178.00 | OK |
Version: 1.2.1
Check: C++ specification
Result: NOTE
Specified C++11: please drop specification unless essential
Flavors: r-devel-linux-x86_64-debian-clang, r-devel-linux-x86_64-debian-gcc, r-devel-linux-x86_64-fedora-clang, r-devel-linux-x86_64-fedora-gcc, r-devel-windows-x86_64, r-patched-linux-x86_64, r-release-linux-x86_64, r-release-macos-arm64, r-release-macos-x86_64, r-release-windows-x86_64
Version: 1.2.1
Check: installed package size
Result: NOTE
installed size is 6.5Mb
sub-directories of 1Mb or more:
libs 3.6Mb
swagger 1.4Mb
Flavors: r-release-macos-arm64, r-release-macos-x86_64, r-oldrel-macos-arm64, r-oldrel-macos-x86_64