CRAN Package Check Results for Package RestRserve

Last updated on 2023-02-06 07:50:42 CET.

Flavor Version Tinstall Tcheck Ttotal Status Flags
r-devel-linux-x86_64-debian-clang 1.2.1 66.63 67.19 133.82 NOTE
r-devel-linux-x86_64-debian-gcc 1.2.1 55.81 51.56 107.37 NOTE
r-devel-linux-x86_64-fedora-clang 1.2.1 182.52 NOTE
r-devel-linux-x86_64-fedora-gcc 1.2.1 186.92 NOTE
r-devel-windows-x86_64 1.2.1 117.00 143.00 260.00 NOTE
r-patched-linux-x86_64 1.2.1 59.69 61.93 121.62 OK
r-release-linux-x86_64 1.2.1 60.60 55.42 116.02 OK
r-release-macos-arm64 1.2.1 54.00 NOTE
r-release-macos-x86_64 1.2.1 66.00 NOTE
r-release-windows-x86_64 1.2.1 173.00 146.00 319.00 OK
r-oldrel-macos-arm64 1.2.1 54.00 NOTE
r-oldrel-macos-x86_64 1.2.1 78.00 NOTE
r-oldrel-windows-ix86+x86_64 1.2.1 145.00 134.00 279.00 NOTE

Check Details

Version: 1.2.1
Check: C++ specification
Result: NOTE
     Specified C++11: please update to current default of C++17
Flavors: r-devel-linux-x86_64-debian-clang, r-devel-linux-x86_64-debian-gcc, r-devel-linux-x86_64-fedora-clang, r-devel-linux-x86_64-fedora-gcc, r-devel-windows-x86_64

Version: 1.2.1
Check: installed package size
Result: NOTE
     installed size is 6.4Mb
     sub-directories of 1Mb or more:
     libs 3.4Mb
     swagger 1.4Mb
Flavors: r-release-macos-arm64, r-release-macos-x86_64, r-oldrel-macos-arm64, r-oldrel-macos-x86_64, r-oldrel-windows-ix86+x86_64