Last updated on 2022-06-28 00:51:24 CEST.
Flavor | Version | Tinstall | Tcheck | Ttotal | Status | Flags |
---|---|---|---|---|---|---|
r-devel-linux-x86_64-debian-clang | 1.2.0 | 58.30 | 55.89 | 114.19 | OK | |
r-devel-linux-x86_64-debian-gcc | 1.2.0 | 54.84 | 43.49 | 98.33 | OK | |
r-devel-linux-x86_64-fedora-clang | 1.2.0 | 177.88 | NOTE | |||
r-devel-linux-x86_64-fedora-gcc | 1.2.0 | 168.40 | OK | |||
r-devel-windows-x86_64 | 1.2.0 | 121.00 | 134.00 | 255.00 | OK | |
r-patched-linux-x86_64 | 1.2.0 | 62.09 | 53.88 | 115.97 | OK | |
r-release-linux-x86_64 | 1.2.0 | 60.21 | 54.27 | 114.48 | OK | |
r-release-macos-arm64 | 1.2.0 | 51.00 | NOTE | |||
r-release-macos-x86_64 | 1.2.0 | 70.00 | NOTE | |||
r-release-windows-x86_64 | 1.2.0 | 151.00 | 135.00 | 286.00 | OK | |
r-oldrel-macos-arm64 | 1.2.0 | 52.00 | NOTE | |||
r-oldrel-macos-x86_64 | 1.2.0 | 73.00 | NOTE | |||
r-oldrel-windows-ix86+x86_64 | 1.2.0 | 143.00 | 133.00 | 276.00 | NOTE |
Version: 1.2.0
Check: installed package size
Result: NOTE
installed size is 6.7Mb
sub-directories of 1Mb or more:
doc 1.0Mb
libs 2.8Mb
swagger 1.4Mb
Flavors: r-devel-linux-x86_64-fedora-clang, r-release-macos-arm64, r-release-macos-x86_64, r-oldrel-macos-arm64, r-oldrel-macos-x86_64, r-oldrel-windows-ix86+x86_64