CRAN Package Check Results for Package ResidentialEnergyConsumption

Last updated on 2024-07-19 10:56:55 CEST.

Flavor Version Tinstall Tcheck Ttotal Status Flags
r-devel-linux-x86_64-debian-clang 1.1.0 5.12 24.16 29.28 OK
r-devel-linux-x86_64-debian-gcc 1.1.0 4.77 19.77 24.54 OK
r-devel-linux-x86_64-fedora-clang 1.1.0 38.58 OK
r-devel-linux-x86_64-fedora-gcc 1.1.0 40.26 OK
r-devel-windows-x86_64 1.1.0 5.00 41.00 46.00 OK
r-patched-linux-x86_64 1.1.0 5.12 23.15 28.27 OK
r-release-linux-x86_64 1.1.0 4.75 22.93 27.68 OK
r-release-macos-arm64 1.1.0 18.00 OK
r-release-macos-x86_64 1.1.0 27.00 NOTE
r-release-windows-x86_64 1.1.0 5.00 40.00 45.00 OK
r-oldrel-macos-arm64 1.1.0 19.00 OK
r-oldrel-macos-x86_64 1.1.0 25.00 NOTE
r-oldrel-windows-x86_64 1.1.0 7.00 42.00 49.00 OK

Check Details

Version: 1.1.0
Check: installed package size
Result: NOTE installed size is 5.6Mb sub-directories of 1Mb or more: data 5.5Mb Flavors: r-release-macos-x86_64, r-oldrel-macos-x86_64