Last updated on 2023-03-20 12:51:22 CET.
Flavor | Version | Tinstall | Tcheck | Ttotal | Status | Flags |
---|---|---|---|---|---|---|
r-devel-linux-x86_64-debian-clang | 1.0.1 | NOTE | ||||
r-devel-linux-x86_64-debian-gcc | 1.0.1 | 5.07 | 43.39 | 48.46 | NOTE | |
r-devel-linux-x86_64-fedora-clang | 1.0.1 | 82.16 | NOTE | |||
r-devel-linux-x86_64-fedora-gcc | 1.0.1 | 74.16 | NOTE | |||
r-devel-windows-x86_64 | 1.0.1 | 10.00 | 102.00 | 112.00 | NOTE | |
r-patched-linux-x86_64 | 1.0.1 | 5.65 | 55.21 | 60.86 | NOTE | |
r-release-linux-x86_64 | 1.0.1 | 6.02 | 55.47 | 61.49 | NOTE | |
r-release-macos-arm64 | 1.0.1 | 41.00 | NOTE | |||
r-release-macos-x86_64 | 1.0.1 | 64.00 | NOTE | |||
r-release-windows-x86_64 | 1.0.1 | 23.00 | 112.00 | 135.00 | NOTE | |
r-oldrel-macos-arm64 | 1.0.1 | 35.00 | NOTE | |||
r-oldrel-macos-x86_64 | 1.0.1 | 50.00 | NOTE | |||
r-oldrel-windows-ix86+x86_64 | 1.0.1 | 16.00 | 105.00 | 121.00 | NOTE |
Version: 1.0.1
Check: LazyData
Result: NOTE
'LazyData' is specified without a 'data' directory
Flavors: r-devel-linux-x86_64-debian-clang, r-devel-linux-x86_64-debian-gcc, r-devel-linux-x86_64-fedora-clang, r-devel-linux-x86_64-fedora-gcc, r-devel-windows-x86_64, r-patched-linux-x86_64, r-release-linux-x86_64, r-release-macos-arm64, r-release-macos-x86_64, r-release-windows-x86_64, r-oldrel-macos-arm64, r-oldrel-macos-x86_64, r-oldrel-windows-ix86+x86_64