Last updated on 2022-06-28 15:53:26 CEST.
Flavor | Version | Tinstall | Tcheck | Ttotal | Status | Flags |
---|---|---|---|---|---|---|
r-devel-linux-x86_64-debian-clang | 0.2.4 | 2.05 | 50.45 | 52.50 | NOTE | |
r-devel-linux-x86_64-debian-gcc | 0.2.4 | 2.10 | 38.75 | 40.85 | NOTE | |
r-devel-linux-x86_64-fedora-clang | 0.2.4 | 73.02 | NOTE | |||
r-devel-linux-x86_64-fedora-gcc | 0.2.4 | 72.66 | NOTE | |||
r-devel-windows-x86_64 | 0.2.4 | 10.00 | 75.00 | 85.00 | NOTE | |
r-patched-linux-x86_64 | 0.2.4 | 2.15 | 48.55 | 50.70 | NOTE | |
r-release-linux-x86_64 | 0.2.4 | 1.68 | 48.89 | 50.57 | NOTE | |
r-release-macos-arm64 | 0.2.4 | 27.00 | NOTE | |||
r-release-macos-x86_64 | 0.2.4 | 39.00 | NOTE | |||
r-release-windows-x86_64 | 0.2.4 | 9.00 | 78.00 | 87.00 | NOTE | |
r-oldrel-macos-arm64 | 0.2.4 | 30.00 | NOTE | |||
r-oldrel-macos-x86_64 | 0.2.4 | 46.00 | NOTE | |||
r-oldrel-windows-ix86+x86_64 | 0.2.4 | 6.00 | 72.00 | 78.00 | NOTE |
Version: 0.2.4
Check: LazyData
Result: NOTE
'LazyData' is specified without a 'data' directory
Flavors: r-devel-linux-x86_64-debian-clang, r-devel-linux-x86_64-debian-gcc, r-devel-linux-x86_64-fedora-clang, r-devel-linux-x86_64-fedora-gcc, r-devel-windows-x86_64, r-patched-linux-x86_64, r-release-linux-x86_64, r-release-macos-arm64, r-release-macos-x86_64, r-release-windows-x86_64, r-oldrel-macos-arm64, r-oldrel-macos-x86_64, r-oldrel-windows-ix86+x86_64