CRAN Package Check Results for Package RelimpPCR

Last updated on 2022-11-28 07:50:01 CET.

Flavor Version Tinstall Tcheck Ttotal Status Flags
r-devel-linux-x86_64-debian-clang 0.2.4 2.21 46.39 48.60 NOTE
r-devel-linux-x86_64-debian-gcc 0.2.4 2.16 35.15 37.31 NOTE
r-devel-linux-x86_64-fedora-clang 0.2.4 69.92 NOTE
r-devel-linux-x86_64-fedora-gcc 0.2.4 67.22 NOTE
r-devel-windows-x86_64 0.2.4 8.00 73.00 81.00 NOTE
r-patched-linux-x86_64 0.2.4 2.80 44.52 47.32 NOTE
r-release-linux-x86_64 0.2.4 1.65 43.78 45.43 NOTE
r-release-macos-arm64 0.2.4 27.00 NOTE
r-release-macos-x86_64 0.2.4 39.00 NOTE
r-release-windows-x86_64 0.2.4 9.00 77.00 86.00 NOTE
r-oldrel-macos-arm64 0.2.4 30.00 NOTE
r-oldrel-macos-x86_64 0.2.4 46.00 NOTE
r-oldrel-windows-ix86+x86_64 0.2.4 8.00 69.00 77.00 NOTE

Check Details

Version: 0.2.4
Check: LazyData
Result: NOTE
     'LazyData' is specified without a 'data' directory
Flavors: r-devel-linux-x86_64-debian-clang, r-devel-linux-x86_64-debian-gcc, r-devel-linux-x86_64-fedora-clang, r-devel-linux-x86_64-fedora-gcc, r-devel-windows-x86_64, r-patched-linux-x86_64, r-release-linux-x86_64, r-release-macos-arm64, r-release-macos-x86_64, r-release-windows-x86_64, r-oldrel-macos-arm64, r-oldrel-macos-x86_64, r-oldrel-windows-ix86+x86_64